{"id":86364,"date":"2026-01-26T10:02:27","date_gmt":"2026-01-26T09:02:27","guid":{"rendered":"https:\/\/inmocosta.com\/properties\/apartament-en-venda-a-els-salats-lestartit\/"},"modified":"2026-01-30T09:56:38","modified_gmt":"2026-01-30T08:56:38","slug":"apartamento-en-venta-en-els-salats-lestartit","status":"publish","type":"estate_property","link":"https:\/\/inmocosta.com\/es\/properties\/apartamento-en-venta-en-els-salats-lestartit\/","title":{"rendered":"Apartamento en venta en Els Salats, L&#8217;Estartit."},"content":{"rendered":"<p>[vc_row][vc_column][vc_column_text]<\/p>\n<h3>Apartamento en venta en Els Salats, L&#8217;Estartit.<\/h3>\n<p>Apartamento parcialmente reformado, situado en la zona de Els Salats, a la entrada de L&#8217;Estartit y a unos 700 metros de la playa y del paseo mar\u00edtimo.<\/p>\n<p>Ubicado en la segunda planta de una comunidad sin ascensor, con piscina, zona de sol\u00e1rium y espacio para bicicletas.<\/p>\n<p>Dispone de unos 62 metros cuadrados construidos, distribuidos en recibidor, dos dormitorios dobles, ba\u00f1o completo, cocina independiente y sal\u00f3n-comedor con salida a un balc\u00f3n con vistas a la zona comunitaria.<\/p>\n<p>El apartamento est\u00e1 en muy buen estado y equipado con aire acondicionado con bomba de calor, ventanas de doble cristal y persianas el\u00e9ctricas.[\/vc_column_text][\/vc_column][\/vc_row][vc_row][vc_column][vc_separator][\/vc_column][\/vc_row][vc_row][vc_column][vc_custom_heading text=\u00bbVisita Virtual:\u00bb font_container=\u00bbtag:h2|text_align:left|color:%23d0b08c\u00bb][\/vc_column][\/vc_row][vc_row][vc_column][vc_raw_html]JTNDaWZyYW1lJTIwd2lkdGglM0QlMjc3MjUlMjclMjBoZWlnaHQlM0QlMjc0NTAlMjclMjBzcmMlM0QlMjdodHRwcyUzQSUyRiUyRm5vZGFsdmlldy5jb20lMkZzJTJGMFZDWXAyblZURXp2QzNNSlNKQ1dCcCUyNyUyMGZyYW1lYm9yZGVyJTNEJTI3MCUyNyUyMGFsbG93ZnVsbHNjcmVlbiUyMGFsbG93JTNEJTI3eHItc3BhdGlhbC10cmFja2luZyUyNyUzRSUzQyUyRmlmcmFtZSUzRQ==[\/vc_raw_html][\/vc_column][\/vc_row]<\/p>\n","protected":false},"excerpt":{"rendered":"<p>[vc_row][vc_column][vc_column_text] Apartamento en venta en Els Salats, L&#8217;Estartit. Apartamento parcialmente reformado, situado en la zona de Els Salats, a la entrada de L&#8217;Estartit y a unos 700 metros de la playa y del paseo mar\u00edtimo. Ubicado en la segunda planta de una comunidad sin ascensor, con piscina, zona de sol\u00e1rium y espacio para bicicletas. Dispone de unos 62 metros cuadrados construidos, distribuidos en recibidor, &#8230;<\/p>\n","protected":false},"featured_media":86301,"comment_status":"closed","ping_status":"closed","template":"","property_category":[135],"property_action_category":[154],"property_city":[184],"property_area":[203],"property_county_state":[75,74],"property_features":[3124,3106,3154,3185,3198,3175,3135,3121],"property_status":[3161],"class_list":["post-86364","estate_property","type-estate_property","status-publish","has-post-thumbnail","hentry","property_category-apartamento","property_action_category-en-venta","property_city-lestartit-es","property_area-els-salats","property_county_state-baix-emporda","property_county_state-costa-brava","property_features-air-aconditioning-es","property_features-balcony-es","property_features-center-of-the-village-es","property_features-community-swimming-pool-es","property_features-concierge-es","property_features-double-glass-windows-es","property_features-fitted-wardrobe-es","property_features-terrace-es","property_status-venut-vendido-vendue-sold-es"],"yoast_head":"<!-- This site is optimized with the Yoast SEO plugin v21.8 - https:\/\/yoast.com\/wordpress\/plugins\/seo\/ -->\n<title>Apartamento en venta en Els Salats, L&#039;Estartit. - Inmocosta API l&#039;Estartit -<\/title>\n<meta name=\"description\" content=\"Apartamento en venta parcialmente reformado, situado en la zona de Els Salats, L&#039;Estartit. - InmoCosta API Estartit\" \/>\n<meta name=\"robots\" content=\"index, follow, max-snippet:-1, max-image-preview:large, max-video-preview:-1\" \/>\n<link rel=\"canonical\" href=\"https:\/\/inmocosta.com\/es\/properties\/apartamento-en-venta-en-els-salats-lestartit\/\" \/>\n<meta property=\"og:locale\" content=\"es_ES\" \/>\n<meta property=\"og:type\" content=\"article\" \/>\n<meta property=\"og:title\" content=\"Apartamento en venta en Els Salats, L&#039;Estartit. - Inmocosta API l&#039;Estartit -\" \/>\n<meta property=\"og:description\" content=\"Apartamento en venta parcialmente reformado, situado en la zona de Els Salats, L&#039;Estartit. - InmoCosta API Estartit\" \/>\n<meta property=\"og:url\" content=\"https:\/\/inmocosta.com\/es\/properties\/apartamento-en-venta-en-els-salats-lestartit\/\" \/>\n<meta property=\"og:site_name\" content=\"Inmocosta API l&#039;Estartit -\" \/>\n<meta property=\"article:publisher\" content=\"https:\/\/www.facebook.com\/inmocostaapi\/\" \/>\n<meta property=\"article:modified_time\" content=\"2026-01-30T08:56:38+00:00\" \/>\n<meta property=\"og:image\" content=\"https:\/\/inmocosta.com\/wp-content\/uploads\/2026\/01\/2305-Omega-2o-B-InmoCosta-API-Estartit-Terrassa.jpg\" \/>\n\t<meta property=\"og:image:width\" content=\"800\" \/>\n\t<meta property=\"og:image:height\" content=\"600\" \/>\n\t<meta property=\"og:image:type\" content=\"image\/jpeg\" \/>\n<meta name=\"twitter:card\" content=\"summary_large_image\" \/>\n<meta name=\"twitter:label1\" content=\"Tiempo de lectura\" \/>\n\t<meta name=\"twitter:data1\" content=\"1 minuto\" \/>\n<script type=\"application\/ld+json\" class=\"yoast-schema-graph\">{\"@context\":\"https:\/\/schema.org\",\"@graph\":[{\"@type\":\"WebPage\",\"@id\":\"https:\/\/inmocosta.com\/es\/properties\/apartamento-en-venta-en-els-salats-lestartit\/\",\"url\":\"https:\/\/inmocosta.com\/es\/properties\/apartamento-en-venta-en-els-salats-lestartit\/\",\"name\":\"Apartamento en venta en Els Salats, L'Estartit. - Inmocosta API l&#039;Estartit -\",\"isPartOf\":{\"@id\":\"https:\/\/inmocosta.com\/es\/#website\"},\"datePublished\":\"2026-01-26T09:02:27+00:00\",\"dateModified\":\"2026-01-30T08:56:38+00:00\",\"description\":\"Apartamento en venta parcialmente reformado, situado en la zona de Els Salats, L'Estartit. - InmoCosta API Estartit\",\"breadcrumb\":{\"@id\":\"https:\/\/inmocosta.com\/es\/properties\/apartamento-en-venta-en-els-salats-lestartit\/#breadcrumb\"},\"inLanguage\":\"es\",\"potentialAction\":[{\"@type\":\"ReadAction\",\"target\":[\"https:\/\/inmocosta.com\/es\/properties\/apartamento-en-venta-en-els-salats-lestartit\/\"]}]},{\"@type\":\"BreadcrumbList\",\"@id\":\"https:\/\/inmocosta.com\/es\/properties\/apartamento-en-venta-en-els-salats-lestartit\/#breadcrumb\",\"itemListElement\":[{\"@type\":\"ListItem\",\"position\":1,\"name\":\"Home\",\"item\":\"https:\/\/inmocosta.com\/es\/\"},{\"@type\":\"ListItem\",\"position\":2,\"name\":\"Propiedades\",\"item\":\"https:\/\/inmocosta.com\/es\/properties\/\"},{\"@type\":\"ListItem\",\"position\":3,\"name\":\"Apartamento en venta en Els Salats, L&#8217;Estartit.\"}]},{\"@type\":\"WebSite\",\"@id\":\"https:\/\/inmocosta.com\/es\/#website\",\"url\":\"https:\/\/inmocosta.com\/es\/\",\"name\":\"Inmocosta API l&#039;Estartit -\",\"description\":\"Ag\u00e8ncia immobiliaria dedicada exclusivament a la compra venda d\u00b4immobles . L&#039;assessorem en la compra del seu habitatge. Comprar cases, pisos, apartaments.\",\"publisher\":{\"@id\":\"https:\/\/inmocosta.com\/es\/#organization\"},\"potentialAction\":[{\"@type\":\"SearchAction\",\"target\":{\"@type\":\"EntryPoint\",\"urlTemplate\":\"https:\/\/inmocosta.com\/es\/?s={search_term_string}\"},\"query-input\":\"required name=search_term_string\"}],\"inLanguage\":\"es\"},{\"@type\":\"Organization\",\"@id\":\"https:\/\/inmocosta.com\/es\/#organization\",\"name\":\"Inmocosta API L'Estartit\",\"url\":\"https:\/\/inmocosta.com\/es\/\",\"logo\":{\"@type\":\"ImageObject\",\"inLanguage\":\"es\",\"@id\":\"https:\/\/inmocosta.com\/es\/#\/schema\/logo\/image\/\",\"url\":\"https:\/\/inmocosta.com\/wp-content\/uploads\/2025\/01\/imatge_usuari.png\",\"contentUrl\":\"https:\/\/inmocosta.com\/wp-content\/uploads\/2025\/01\/imatge_usuari.png\",\"width\":500,\"height\":500,\"caption\":\"Inmocosta API L'Estartit\"},\"image\":{\"@id\":\"https:\/\/inmocosta.com\/es\/#\/schema\/logo\/image\/\"},\"sameAs\":[\"https:\/\/www.facebook.com\/inmocostaapi\/\",\"https:\/\/www.instagram.com\/inmocosta_api\/\",\"https:\/\/www.youtube.com\/channel\/UCidmbkY6BpJG9MA_OQUZgYQ\"]}]}<\/script>\n<!-- \/ Yoast SEO plugin. -->","yoast_head_json":{"title":"Apartamento en venta en Els Salats, L'Estartit. - Inmocosta API l&#039;Estartit -","description":"Apartamento en venta parcialmente reformado, situado en la zona de Els Salats, L'Estartit. - InmoCosta API Estartit","robots":{"index":"index","follow":"follow","max-snippet":"max-snippet:-1","max-image-preview":"max-image-preview:large","max-video-preview":"max-video-preview:-1"},"canonical":"https:\/\/inmocosta.com\/es\/properties\/apartamento-en-venta-en-els-salats-lestartit\/","og_locale":"es_ES","og_type":"article","og_title":"Apartamento en venta en Els Salats, L'Estartit. - Inmocosta API l&#039;Estartit -","og_description":"Apartamento en venta parcialmente reformado, situado en la zona de Els Salats, L'Estartit. - InmoCosta API Estartit","og_url":"https:\/\/inmocosta.com\/es\/properties\/apartamento-en-venta-en-els-salats-lestartit\/","og_site_name":"Inmocosta API l&#039;Estartit -","article_publisher":"https:\/\/www.facebook.com\/inmocostaapi\/","article_modified_time":"2026-01-30T08:56:38+00:00","og_image":[{"width":800,"height":600,"url":"https:\/\/inmocosta.com\/wp-content\/uploads\/2026\/01\/2305-Omega-2o-B-InmoCosta-API-Estartit-Terrassa.jpg","type":"image\/jpeg"}],"twitter_card":"summary_large_image","twitter_misc":{"Tiempo de lectura":"1 minuto"},"schema":{"@context":"https:\/\/schema.org","@graph":[{"@type":"WebPage","@id":"https:\/\/inmocosta.com\/es\/properties\/apartamento-en-venta-en-els-salats-lestartit\/","url":"https:\/\/inmocosta.com\/es\/properties\/apartamento-en-venta-en-els-salats-lestartit\/","name":"Apartamento en venta en Els Salats, L'Estartit. - Inmocosta API l&#039;Estartit -","isPartOf":{"@id":"https:\/\/inmocosta.com\/es\/#website"},"datePublished":"2026-01-26T09:02:27+00:00","dateModified":"2026-01-30T08:56:38+00:00","description":"Apartamento en venta parcialmente reformado, situado en la zona de Els Salats, L'Estartit. - InmoCosta API Estartit","breadcrumb":{"@id":"https:\/\/inmocosta.com\/es\/properties\/apartamento-en-venta-en-els-salats-lestartit\/#breadcrumb"},"inLanguage":"es","potentialAction":[{"@type":"ReadAction","target":["https:\/\/inmocosta.com\/es\/properties\/apartamento-en-venta-en-els-salats-lestartit\/"]}]},{"@type":"BreadcrumbList","@id":"https:\/\/inmocosta.com\/es\/properties\/apartamento-en-venta-en-els-salats-lestartit\/#breadcrumb","itemListElement":[{"@type":"ListItem","position":1,"name":"Home","item":"https:\/\/inmocosta.com\/es\/"},{"@type":"ListItem","position":2,"name":"Propiedades","item":"https:\/\/inmocosta.com\/es\/properties\/"},{"@type":"ListItem","position":3,"name":"Apartamento en venta en Els Salats, L&#8217;Estartit."}]},{"@type":"WebSite","@id":"https:\/\/inmocosta.com\/es\/#website","url":"https:\/\/inmocosta.com\/es\/","name":"Inmocosta API l&#039;Estartit -","description":"Ag\u00e8ncia immobiliaria dedicada exclusivament a la compra venda d\u00b4immobles . L&#039;assessorem en la compra del seu habitatge. Comprar cases, pisos, apartaments.","publisher":{"@id":"https:\/\/inmocosta.com\/es\/#organization"},"potentialAction":[{"@type":"SearchAction","target":{"@type":"EntryPoint","urlTemplate":"https:\/\/inmocosta.com\/es\/?s={search_term_string}"},"query-input":"required name=search_term_string"}],"inLanguage":"es"},{"@type":"Organization","@id":"https:\/\/inmocosta.com\/es\/#organization","name":"Inmocosta API L'Estartit","url":"https:\/\/inmocosta.com\/es\/","logo":{"@type":"ImageObject","inLanguage":"es","@id":"https:\/\/inmocosta.com\/es\/#\/schema\/logo\/image\/","url":"https:\/\/inmocosta.com\/wp-content\/uploads\/2025\/01\/imatge_usuari.png","contentUrl":"https:\/\/inmocosta.com\/wp-content\/uploads\/2025\/01\/imatge_usuari.png","width":500,"height":500,"caption":"Inmocosta API L'Estartit"},"image":{"@id":"https:\/\/inmocosta.com\/es\/#\/schema\/logo\/image\/"},"sameAs":["https:\/\/www.facebook.com\/inmocostaapi\/","https:\/\/www.instagram.com\/inmocosta_api\/","https:\/\/www.youtube.com\/channel\/UCidmbkY6BpJG9MA_OQUZgYQ"]}]}},"_links":{"self":[{"href":"https:\/\/inmocosta.com\/es\/wp-json\/wp\/v2\/estate_property\/86364","targetHints":{"allow":["GET"]}}],"collection":[{"href":"https:\/\/inmocosta.com\/es\/wp-json\/wp\/v2\/estate_property"}],"about":[{"href":"https:\/\/inmocosta.com\/es\/wp-json\/wp\/v2\/types\/estate_property"}],"replies":[{"embeddable":true,"href":"https:\/\/inmocosta.com\/es\/wp-json\/wp\/v2\/comments?post=86364"}],"wp:featuredmedia":[{"embeddable":true,"href":"https:\/\/inmocosta.com\/es\/wp-json\/wp\/v2\/media\/86301"}],"wp:attachment":[{"href":"https:\/\/inmocosta.com\/es\/wp-json\/wp\/v2\/media?parent=86364"}],"wp:term":[{"taxonomy":"property_category","embeddable":true,"href":"https:\/\/inmocosta.com\/es\/wp-json\/wp\/v2\/property_category?post=86364"},{"taxonomy":"property_action_category","embeddable":true,"href":"https:\/\/inmocosta.com\/es\/wp-json\/wp\/v2\/property_action_category?post=86364"},{"taxonomy":"property_city","embeddable":true,"href":"https:\/\/inmocosta.com\/es\/wp-json\/wp\/v2\/property_city?post=86364"},{"taxonomy":"property_area","embeddable":true,"href":"https:\/\/inmocosta.com\/es\/wp-json\/wp\/v2\/property_area?post=86364"},{"taxonomy":"property_county_state","embeddable":true,"href":"https:\/\/inmocosta.com\/es\/wp-json\/wp\/v2\/property_county_state?post=86364"},{"taxonomy":"property_features","embeddable":true,"href":"https:\/\/inmocosta.com\/es\/wp-json\/wp\/v2\/property_features?post=86364"},{"taxonomy":"property_status","embeddable":true,"href":"https:\/\/inmocosta.com\/es\/wp-json\/wp\/v2\/property_status?post=86364"}],"curies":[{"name":"wp","href":"https:\/\/api.w.org\/{rel}","templated":true}]}}

<p>[vc_row][vc_column][vc_column_text]</p>
<h3>Apartamento en venta en Els Salats, L&#8217;Estartit.</h3>
<p>Apartamento parcialmente reformado, situado en la zona de Els Salats, a la entrada de L&#8217;Estartit y a unos 700 metros de la playa y del paseo marítimo.</p>
<p>Ubicado en la segunda planta de una comunidad sin ascensor, con piscina, zona de solárium y espacio para bicicletas.</p>
<p>Dispone de unos 62 metros cuadrados construidos, distribuidos en recibidor, dos dormitorios dobles, baño completo, cocina independiente y salón-comedor con salida a un balcón con vistas a la zona comunitaria.</p>
<p>El apartamento está en muy buen estado y equipado con aire acondicionado con bomba de calor, ventanas de doble cristal y persianas eléctricas.[/vc_column_text][/vc_column][/vc_row][vc_row][vc_column][vc_separator][/vc_column][/vc_row][vc_row][vc_column][vc_custom_heading text=»Visita Virtual:» font_container=»tag:h2|text_align:left|color:%23d0b08c»][/vc_column][/vc_row][vc_row][vc_column][vc_raw_html]JTNDaWZyYW1lJTIwd2lkdGglM0QlMjc3MjUlMjclMjBoZWlnaHQlM0QlMjc0NTAlMjclMjBzcmMlM0QlMjdodHRwcyUzQSUyRiUyRm5vZGFsdmlldy5jb20lMkZzJTJGMFZDWXAyblZURXp2QzNNSlNKQ1dCcCUyNyUyMGZyYW1lYm9yZGVyJTNEJTI3MCUyNyUyMGFsbG93ZnVsbHNjcmVlbiUyMGFsbG93JTNEJTI3eHItc3BhdGlhbC10cmFja2luZyUyNyUzRSUzQyUyRmlmcmFtZSUzRQ==[/vc_raw_html][/vc_column][/vc_row]</p>

<p>[vc_row][vc_column][vc_column_text] Apartamento en venta en Els Salats, L&#8217;Estartit. Apartamento parcialmente reformado, situado en la zona de Els Salats, a la entrada de L&#8217;Estartit y a unos 700 metros de la playa y del paseo marítimo. Ubicado en la segunda planta de una comunidad sin ascensor, con piscina, zona de solárium y espacio para bicicletas. Dispone de unos 62 metros cuadrados construidos, distribuidos en recibidor, &#8230;</p>

<!-- This site is optimized with the Yoast SEO plugin v21.8 - https://yoast.com/wordpress/plugins/seo/ -->
<title>Apartamento en venta en Els Salats, L&#039;Estartit. - Inmocosta API l&#039;Estartit -</title>
<meta name="description" content="Apartamento en venta parcialmente reformado, situado en la zona de Els Salats, L&#039;Estartit. - InmoCosta API Estartit" />
<meta name="robots" content="index, follow, max-snippet:-1, max-image-preview:large, max-video-preview:-1" />
<link rel="canonical" href="https://inmocosta.com/es/properties/apartamento-en-venta-en-els-salats-lestartit/" />
<meta property="og:locale" content="es_ES" />
<meta property="og:type" content="article" />
<meta property="og:title" content="Apartamento en venta en Els Salats, L&#039;Estartit. - Inmocosta API l&#039;Estartit -" />
<meta property="og:description" content="Apartamento en venta parcialmente reformado, situado en la zona de Els Salats, L&#039;Estartit. - InmoCosta API Estartit" />
<meta property="og:url" content="https://inmocosta.com/es/properties/apartamento-en-venta-en-els-salats-lestartit/" />
<meta property="og:site_name" content="Inmocosta API l&#039;Estartit -" />
<meta property="article:publisher" content="https://www.facebook.com/inmocostaapi/" />
<meta property="article:modified_time" content="2026-01-30T08:56:38+00:00" />
<meta property="og:image" content="https://inmocosta.com/wp-content/uploads/2026/01/2305-Omega-2o-B-InmoCosta-API-Estartit-Terrassa.jpg" />
	<meta property="og:image:width" content="800" />
	<meta property="og:image:height" content="600" />
	<meta property="og:image:type" content="image/jpeg" />
<meta name="twitter:card" content="summary_large_image" />
<meta name="twitter:label1" content="Tiempo de lectura" />
	<meta name="twitter:data1" content="1 minuto" />
<script type="application/ld+json" class="yoast-schema-graph">{"@context":"https://schema.org","@graph":[{"@type":"WebPage","@id":"https://inmocosta.com/es/properties/apartamento-en-venta-en-els-salats-lestartit/","url":"https://inmocosta.com/es/properties/apartamento-en-venta-en-els-salats-lestartit/","name":"Apartamento en venta en Els Salats, L'Estartit. - Inmocosta API l&#039;Estartit -","isPartOf":{"@id":"https://inmocosta.com/es/#website"},"datePublished":"2026-01-26T09:02:27+00:00","dateModified":"2026-01-30T08:56:38+00:00","description":"Apartamento en venta parcialmente reformado, situado en la zona de Els Salats, L'Estartit. - InmoCosta API Estartit","breadcrumb":{"@id":"https://inmocosta.com/es/properties/apartamento-en-venta-en-els-salats-lestartit/#breadcrumb"},"inLanguage":"es","potentialAction":[{"@type":"ReadAction","target":["https://inmocosta.com/es/properties/apartamento-en-venta-en-els-salats-lestartit/"]}]},{"@type":"BreadcrumbList","@id":"https://inmocosta.com/es/properties/apartamento-en-venta-en-els-salats-lestartit/#breadcrumb","itemListElement":[{"@type":"ListItem","position":1,"name":"Home","item":"https://inmocosta.com/es/"},{"@type":"ListItem","position":2,"name":"Propiedades","item":"https://inmocosta.com/es/properties/"},{"@type":"ListItem","position":3,"name":"Apartamento en venta en Els Salats, L&#8217;Estartit."}]},{"@type":"WebSite","@id":"https://inmocosta.com/es/#website","url":"https://inmocosta.com/es/","name":"Inmocosta API l&#039;Estartit -","description":"Agència immobiliaria dedicada exclusivament a la compra venda d´immobles . L&#039;assessorem en la compra del seu habitatge. Comprar cases, pisos, apartaments.","publisher":{"@id":"https://inmocosta.com/es/#organization"},"potentialAction":[{"@type":"SearchAction","target":{"@type":"EntryPoint","urlTemplate":"https://inmocosta.com/es/?s={search_term_string}"},"query-input":"required name=search_term_string"}],"inLanguage":"es"},{"@type":"Organization","@id":"https://inmocosta.com/es/#organization","name":"Inmocosta API L'Estartit","url":"https://inmocosta.com/es/","logo":{"@type":"ImageObject","inLanguage":"es","@id":"https://inmocosta.com/es/#/schema/logo/image/","url":"https://inmocosta.com/wp-content/uploads/2025/01/imatge_usuari.png","contentUrl":"https://inmocosta.com/wp-content/uploads/2025/01/imatge_usuari.png","width":500,"height":500,"caption":"Inmocosta API L'Estartit"},"image":{"@id":"https://inmocosta.com/es/#/schema/logo/image/"},"sameAs":["https://www.facebook.com/inmocostaapi/","https://www.instagram.com/inmocosta_api/","https://www.youtube.com/channel/UCidmbkY6BpJG9MA_OQUZgYQ"]}]}</script>
<!-- / Yoast SEO plugin. -->

Agència immobiliaria dedicada exclusivament a la compra venda d´immobles . L&#039;assessorem en la compra del seu habitatge. Comprar cases, pisos, apartaments.
