{"version":"1.0","provider_name":"- Inmocosta API l&#039;Estartit","provider_url":"https:\/\/inmocosta.com\/fr\/","title":"Festival de Torroella de Montgr\u00ed 2018. - Inmocosta API l&#039;Estartit","type":"rich","width":600,"height":338,"html":"<blockquote class=\"wp-embedded-content\" data-secret=\"rnMtQ7we4W\"><a href=\"https:\/\/inmocosta.com\/fr\/festival-de-torroella-de-montgri-2018\/\">Festival de Torroella de Montgr\u00ed 2018.<\/a><\/blockquote><iframe sandbox=\"allow-scripts\" security=\"restricted\" src=\"https:\/\/inmocosta.com\/fr\/festival-de-torroella-de-montgri-2018\/embed\/#?secret=rnMtQ7we4W\" width=\"600\" height=\"338\" title=\"\u00ab\u00a0Festival de Torroella de Montgr\u00ed 2018.\u00a0\u00bb &#8212; - Inmocosta API l&#039;Estartit\" data-secret=\"rnMtQ7we4W\" frameborder=\"0\" marginwidth=\"0\" marginheight=\"0\" scrolling=\"no\" class=\"wp-embedded-content\"><\/iframe><script type=\"text\/javascript\">\n\/* <![CDATA[ *\/\n\/*! This file is auto-generated *\/\n!function(d,l){\"use strict\";l.querySelector&&d.addEventListener&&\"undefined\"!=typeof URL&&(d.wp=d.wp||{},d.wp.receiveEmbedMessage||(d.wp.receiveEmbedMessage=function(e){var t=e.data;if((t||t.secret||t.message||t.value)&&!\/[^a-zA-Z0-9]\/.test(t.secret)){for(var s,r,n,a=l.querySelectorAll('iframe[data-secret=\"'+t.secret+'\"]'),o=l.querySelectorAll('blockquote[data-secret=\"'+t.secret+'\"]'),c=new RegExp(\"^https?:$\",\"i\"),i=0;i<o.length;i++)o[i].style.display=\"none\";for(i=0;i<a.length;i++)s=a[i],e.source===s.contentWindow&&(s.removeAttribute(\"style\"),\"height\"===t.message?(1e3<(r=parseInt(t.value,10))?r=1e3:~~r<200&&(r=200),s.height=r):\"link\"===t.message&&(r=new URL(s.getAttribute(\"src\")),n=new URL(t.value),c.test(n.protocol))&&n.host===r.host&&l.activeElement===s&&(d.top.location.href=t.value))}},d.addEventListener(\"message\",d.wp.receiveEmbedMessage,!1),l.addEventListener(\"DOMContentLoaded\",function(){for(var e,t,s=l.querySelectorAll(\"iframe.wp-embedded-content\"),r=0;r<s.length;r++)(t=(e=s[r]).getAttribute(\"data-secret\"))||(t=Math.random().toString(36).substring(2,12),e.src+=\"#?secret=\"+t,e.setAttribute(\"data-secret\",t)),e.contentWindow.postMessage({message:\"ready\",secret:t},\"*\")},!1)))}(window,document);\n\/* ]]> *\/\n<\/script>\n","thumbnail_url":"https:\/\/inmocosta.com\/wp-content\/uploads\/2018\/07\/Captura-de-pantalla-2018-07-05-a-les-10.33.19.png","thumbnail_width":532,"thumbnail_height":595,"description":"Il est c\u00e9l\u00e9br\u00e9 du 24 au 28 ao\u00fbt. C'est un festival plein d'activit\u00e9s, de musique, de feux d'artifice, de parades, de danses catalanes, d'animations pour les enfants... Le 25 est le jour de Sant Gen\u00eds, protecteur de la ville.\u00a0Cette journ\u00e9e est c\u00e9l\u00e9br\u00e9 un grand d\u00e9fil\u00e9 dans toute la ville au nom de ce saint."}

Festival de Torroella de Montgrí 2018. - Inmocosta API l&#039;Estartit

<blockquote class="wp-embedded-content" data-secret="rnMtQ7we4W"><a href="https://inmocosta.com/fr/festival-de-torroella-de-montgri-2018/">Festival de Torroella de Montgrí 2018.</a></blockquote><iframe sandbox="allow-scripts" security="restricted" src="https://inmocosta.com/fr/festival-de-torroella-de-montgri-2018/embed/#?secret=rnMtQ7we4W" width="600" height="338" title="« Festival de Torroella de Montgrí 2018. » &#8212; - Inmocosta API l&#039;Estartit" data-secret="rnMtQ7we4W" frameborder="0" marginwidth="0" marginheight="0" scrolling="no" class="wp-embedded-content"></iframe><script type="text/javascript">
/* <![CDATA[ */
/*! This file is auto-generated */
!function(d,l){"use strict";l.querySelector&&d.addEventListener&&"undefined"!=typeof URL&&(d.wp=d.wp||{},d.wp.receiveEmbedMessage||(d.wp.receiveEmbedMessage=function(e){var t=e.data;if((t||t.secret||t.message||t.value)&&!/[^a-zA-Z0-9]/.test(t.secret)){for(var s,r,n,a=l.querySelectorAll('iframe[data-secret="'+t.secret+'"]'),o=l.querySelectorAll('blockquote[data-secret="'+t.secret+'"]'),c=new RegExp("^https?:$","i"),i=0;i<o.length;i++)o[i].style.display="none";for(i=0;i<a.length;i++)s=a[i],e.source===s.contentWindow&&(s.removeAttribute("style"),"height"===t.message?(1e3<(r=parseInt(t.value,10))?r=1e3:~~r<200&&(r=200),s.height=r):"link"===t.message&&(r=new URL(s.getAttribute("src")),n=new URL(t.value),c.test(n.protocol))&&n.host===r.host&&l.activeElement===s&&(d.top.location.href=t.value))}},d.addEventListener("message",d.wp.receiveEmbedMessage,!1),l.addEventListener("DOMContentLoaded",function(){for(var e,t,s=l.querySelectorAll("iframe.wp-embedded-content"),r=0;r<s.length;r++)(t=(e=s[r]).getAttribute("data-secret"))||(t=Math.random().toString(36).substring(2,12),e.src+="#?secret="+t,e.setAttribute("data-secret",t)),e.contentWindow.postMessage({message:"ready",secret:t},"*")},!1)))}(window,document);
/* ]]> */
</script>

Il est célébré du 24 au 28 août. C'est un festival plein d'activités, de musique, de feux d'artifice, de parades, de danses catalanes, d'animations pour les enfants... Le 25 est le jour de Sant Genís, protecteur de la ville. Cette journée est célébré un grand défilé dans toute la ville au nom de ce saint.
