{"id":74487,"date":"2022-11-10T15:11:34","date_gmt":"2022-11-10T14:11:34","guid":{"rendered":"https:\/\/inmocosta.com\/properties\/local-comercial-en-venda-al-passeig-maritim-de-lestartit\/"},"modified":"2023-01-12T16:59:54","modified_gmt":"2023-01-12T15:59:54","slug":"local-commercial-a-vendre-sur-la-promenade-de-lestartit","status":"publish","type":"estate_property","link":"https:\/\/inmocosta.com\/fr\/properties\/local-commercial-a-vendre-sur-la-promenade-de-lestartit\/","title":{"rendered":"Local commercial \u00e0 vendre sur la promenade de l&rsquo;Estartit."},"content":{"rendered":"<p>[vc_row][vc_column][vc_column_text]<\/p>\n<h3>Local commercial \u00e0 vendre sur la promenade de l&rsquo;Estartit.<\/h3>\n<p>Grand restaurant compos\u00e9 de trois locaux, situ\u00e9 au rez-de-chauss\u00e9e d&rsquo;un immeuble en front de mer, sur la promenade de l&rsquo;Estartit juste en face de la plage.<\/p>\n<p>Si vous souhaitez plus d&rsquo;informations, appelez le 972 75 17 40 \/ 645 97 91 90 ou envoyez un e-mail \u00e0 info@inmocosta.com[\/vc_column_text][\/vc_column][\/vc_row]<\/p>\n","protected":false},"excerpt":{"rendered":"<p>[vc_row][vc_column][vc_column_text] Local commercial \u00e0 vendre sur la promenade de l&rsquo;Estartit. Grand restaurant compos\u00e9 de trois locaux, situ\u00e9 au rez-de-chauss\u00e9e d&rsquo;un immeuble en front de mer, sur la promenade de l&rsquo;Estartit juste en face de la plage. Si vous souhaitez plus d&rsquo;informations, appelez le 972 75 17 40 \/ 645 97 91 90 ou envoyez un e-mail \u00e0 info@inmocosta.com[\/vc_column_text][\/vc_column][\/vc_row]<\/p>\n","protected":false},"featured_media":74779,"comment_status":"closed","ping_status":"closed","template":"","property_category":[147,2833,2842],"property_action_category":[156],"property_city":[163],"property_area":[226],"property_county_state":[75,74],"property_features":[],"property_status":[],"class_list":["post-74487","estate_property","type-estate_property","status-publish","has-post-thumbnail","hentry","property_category-appartement","property_category-local-fr","property_category-local-comercial-fr","property_action_category-en-vente","property_city-lestartit","property_area-centre","property_county_state-baix-emporda","property_county_state-costa-brava"],"yoast_head":"<!-- This site is optimized with the Yoast SEO plugin v21.8 - https:\/\/yoast.com\/wordpress\/plugins\/seo\/ -->\n<title>Local commercial \u00e0 vendre sur la promenade de l&#039;Estartit. - Inmocosta API l&#039;Estartit<\/title>\n<meta name=\"description\" content=\"Local commercial \u00e0 vendre situ\u00e9e en face de la plage, au sur la promenade de l&#039;Estartit. - Inmocosta API Estartit\" \/>\n<meta name=\"robots\" content=\"index, follow, max-snippet:-1, max-image-preview:large, max-video-preview:-1\" \/>\n<link rel=\"canonical\" href=\"https:\/\/inmocosta.com\/fr\/properties\/local-commercial-a-vendre-sur-la-promenade-de-lestartit\/\" \/>\n<meta property=\"og:locale\" content=\"fr_FR\" \/>\n<meta property=\"og:type\" content=\"article\" \/>\n<meta property=\"og:title\" content=\"Local commercial \u00e0 vendre sur la promenade de l&#039;Estartit. - Inmocosta API l&#039;Estartit\" \/>\n<meta property=\"og:description\" content=\"Local commercial \u00e0 vendre situ\u00e9e en face de la plage, au sur la promenade de l&#039;Estartit. - Inmocosta API Estartit\" \/>\n<meta property=\"og:url\" content=\"https:\/\/inmocosta.com\/fr\/properties\/local-commercial-a-vendre-sur-la-promenade-de-lestartit\/\" \/>\n<meta property=\"og:site_name\" content=\"- Inmocosta API l&#039;Estartit\" \/>\n<meta property=\"article:publisher\" content=\"https:\/\/www.facebook.com\/inmocostaapi\/\" \/>\n<meta property=\"article:modified_time\" content=\"2023-01-12T15:59:54+00:00\" \/>\n<meta property=\"og:image\" content=\"https:\/\/inmocosta.com\/wp-content\/uploads\/2022\/11\/2159-Bravo-Inmocosta-API-Estartit-Exterior-11-scaled.jpg\" \/>\n\t<meta property=\"og:image:width\" content=\"2560\" \/>\n\t<meta property=\"og:image:height\" content=\"1919\" \/>\n\t<meta property=\"og:image:type\" content=\"image\/jpeg\" \/>\n<meta name=\"twitter:card\" content=\"summary_large_image\" \/>\n<meta name=\"twitter:label1\" content=\"Dur\u00e9e de lecture estim\u00e9e\" \/>\n\t<meta name=\"twitter:data1\" content=\"1 minute\" \/>\n<script type=\"application\/ld+json\" class=\"yoast-schema-graph\">{\"@context\":\"https:\/\/schema.org\",\"@graph\":[{\"@type\":\"WebPage\",\"@id\":\"https:\/\/inmocosta.com\/fr\/properties\/local-commercial-a-vendre-sur-la-promenade-de-lestartit\/\",\"url\":\"https:\/\/inmocosta.com\/fr\/properties\/local-commercial-a-vendre-sur-la-promenade-de-lestartit\/\",\"name\":\"Local commercial \u00e0 vendre sur la promenade de l'Estartit. - Inmocosta API l&#039;Estartit\",\"isPartOf\":{\"@id\":\"https:\/\/inmocosta.com\/fr\/#website\"},\"datePublished\":\"2022-11-10T14:11:34+00:00\",\"dateModified\":\"2023-01-12T15:59:54+00:00\",\"description\":\"Local commercial \u00e0 vendre situ\u00e9e en face de la plage, au sur la promenade de l'Estartit. - Inmocosta API Estartit\",\"breadcrumb\":{\"@id\":\"https:\/\/inmocosta.com\/fr\/properties\/local-commercial-a-vendre-sur-la-promenade-de-lestartit\/#breadcrumb\"},\"inLanguage\":\"fr-FR\",\"potentialAction\":[{\"@type\":\"ReadAction\",\"target\":[\"https:\/\/inmocosta.com\/fr\/properties\/local-commercial-a-vendre-sur-la-promenade-de-lestartit\/\"]}]},{\"@type\":\"BreadcrumbList\",\"@id\":\"https:\/\/inmocosta.com\/fr\/properties\/local-commercial-a-vendre-sur-la-promenade-de-lestartit\/#breadcrumb\",\"itemListElement\":[{\"@type\":\"ListItem\",\"position\":1,\"name\":\"Home\",\"item\":\"https:\/\/inmocosta.com\/fr\/\"},{\"@type\":\"ListItem\",\"position\":2,\"name\":\"Propri\u00e9t\u00e9s\",\"item\":\"https:\/\/inmocosta.com\/fr\/properties\/\"},{\"@type\":\"ListItem\",\"position\":3,\"name\":\"Local commercial \u00e0 vendre sur la promenade de l&#8217;Estartit.\"}]},{\"@type\":\"WebSite\",\"@id\":\"https:\/\/inmocosta.com\/fr\/#website\",\"url\":\"https:\/\/inmocosta.com\/fr\/\",\"name\":\"- Inmocosta API l&#039;Estartit\",\"description\":\"Ag\u00e8ncia immobiliaria dedicada exclusivament a la compra venda d\u00b4immobles . L&#039;assessorem en la compra del seu habitatge. Comprar cases, pisos, apartaments.\",\"publisher\":{\"@id\":\"https:\/\/inmocosta.com\/fr\/#organization\"},\"potentialAction\":[{\"@type\":\"SearchAction\",\"target\":{\"@type\":\"EntryPoint\",\"urlTemplate\":\"https:\/\/inmocosta.com\/fr\/?s={search_term_string}\"},\"query-input\":\"required name=search_term_string\"}],\"inLanguage\":\"fr-FR\"},{\"@type\":\"Organization\",\"@id\":\"https:\/\/inmocosta.com\/fr\/#organization\",\"name\":\"Inmocosta API L'Estartit\",\"url\":\"https:\/\/inmocosta.com\/fr\/\",\"logo\":{\"@type\":\"ImageObject\",\"inLanguage\":\"fr-FR\",\"@id\":\"https:\/\/inmocosta.com\/fr\/#\/schema\/logo\/image\/\",\"url\":\"https:\/\/inmocosta.com\/wp-content\/uploads\/2025\/01\/imatge_usuari.png\",\"contentUrl\":\"https:\/\/inmocosta.com\/wp-content\/uploads\/2025\/01\/imatge_usuari.png\",\"width\":500,\"height\":500,\"caption\":\"Inmocosta API L'Estartit\"},\"image\":{\"@id\":\"https:\/\/inmocosta.com\/fr\/#\/schema\/logo\/image\/\"},\"sameAs\":[\"https:\/\/www.facebook.com\/inmocostaapi\/\",\"https:\/\/www.instagram.com\/inmocosta_api\/\",\"https:\/\/www.youtube.com\/channel\/UCidmbkY6BpJG9MA_OQUZgYQ\"]}]}<\/script>\n<!-- \/ Yoast SEO plugin. -->","yoast_head_json":{"title":"Local commercial \u00e0 vendre sur la promenade de l'Estartit. - Inmocosta API l&#039;Estartit","description":"Local commercial \u00e0 vendre situ\u00e9e en face de la plage, au sur la promenade de l'Estartit. - Inmocosta API Estartit","robots":{"index":"index","follow":"follow","max-snippet":"max-snippet:-1","max-image-preview":"max-image-preview:large","max-video-preview":"max-video-preview:-1"},"canonical":"https:\/\/inmocosta.com\/fr\/properties\/local-commercial-a-vendre-sur-la-promenade-de-lestartit\/","og_locale":"fr_FR","og_type":"article","og_title":"Local commercial \u00e0 vendre sur la promenade de l'Estartit. - Inmocosta API l&#039;Estartit","og_description":"Local commercial \u00e0 vendre situ\u00e9e en face de la plage, au sur la promenade de l'Estartit. - Inmocosta API Estartit","og_url":"https:\/\/inmocosta.com\/fr\/properties\/local-commercial-a-vendre-sur-la-promenade-de-lestartit\/","og_site_name":"- Inmocosta API l&#039;Estartit","article_publisher":"https:\/\/www.facebook.com\/inmocostaapi\/","article_modified_time":"2023-01-12T15:59:54+00:00","og_image":[{"width":2560,"height":1919,"url":"https:\/\/inmocosta.com\/wp-content\/uploads\/2022\/11\/2159-Bravo-Inmocosta-API-Estartit-Exterior-11-scaled.jpg","type":"image\/jpeg"}],"twitter_card":"summary_large_image","twitter_misc":{"Dur\u00e9e de lecture estim\u00e9e":"1 minute"},"schema":{"@context":"https:\/\/schema.org","@graph":[{"@type":"WebPage","@id":"https:\/\/inmocosta.com\/fr\/properties\/local-commercial-a-vendre-sur-la-promenade-de-lestartit\/","url":"https:\/\/inmocosta.com\/fr\/properties\/local-commercial-a-vendre-sur-la-promenade-de-lestartit\/","name":"Local commercial \u00e0 vendre sur la promenade de l'Estartit. - Inmocosta API l&#039;Estartit","isPartOf":{"@id":"https:\/\/inmocosta.com\/fr\/#website"},"datePublished":"2022-11-10T14:11:34+00:00","dateModified":"2023-01-12T15:59:54+00:00","description":"Local commercial \u00e0 vendre situ\u00e9e en face de la plage, au sur la promenade de l'Estartit. - Inmocosta API Estartit","breadcrumb":{"@id":"https:\/\/inmocosta.com\/fr\/properties\/local-commercial-a-vendre-sur-la-promenade-de-lestartit\/#breadcrumb"},"inLanguage":"fr-FR","potentialAction":[{"@type":"ReadAction","target":["https:\/\/inmocosta.com\/fr\/properties\/local-commercial-a-vendre-sur-la-promenade-de-lestartit\/"]}]},{"@type":"BreadcrumbList","@id":"https:\/\/inmocosta.com\/fr\/properties\/local-commercial-a-vendre-sur-la-promenade-de-lestartit\/#breadcrumb","itemListElement":[{"@type":"ListItem","position":1,"name":"Home","item":"https:\/\/inmocosta.com\/fr\/"},{"@type":"ListItem","position":2,"name":"Propri\u00e9t\u00e9s","item":"https:\/\/inmocosta.com\/fr\/properties\/"},{"@type":"ListItem","position":3,"name":"Local commercial \u00e0 vendre sur la promenade de l&#8217;Estartit."}]},{"@type":"WebSite","@id":"https:\/\/inmocosta.com\/fr\/#website","url":"https:\/\/inmocosta.com\/fr\/","name":"- Inmocosta API l&#039;Estartit","description":"Ag\u00e8ncia immobiliaria dedicada exclusivament a la compra venda d\u00b4immobles . L&#039;assessorem en la compra del seu habitatge. Comprar cases, pisos, apartaments.","publisher":{"@id":"https:\/\/inmocosta.com\/fr\/#organization"},"potentialAction":[{"@type":"SearchAction","target":{"@type":"EntryPoint","urlTemplate":"https:\/\/inmocosta.com\/fr\/?s={search_term_string}"},"query-input":"required name=search_term_string"}],"inLanguage":"fr-FR"},{"@type":"Organization","@id":"https:\/\/inmocosta.com\/fr\/#organization","name":"Inmocosta API L'Estartit","url":"https:\/\/inmocosta.com\/fr\/","logo":{"@type":"ImageObject","inLanguage":"fr-FR","@id":"https:\/\/inmocosta.com\/fr\/#\/schema\/logo\/image\/","url":"https:\/\/inmocosta.com\/wp-content\/uploads\/2025\/01\/imatge_usuari.png","contentUrl":"https:\/\/inmocosta.com\/wp-content\/uploads\/2025\/01\/imatge_usuari.png","width":500,"height":500,"caption":"Inmocosta API L'Estartit"},"image":{"@id":"https:\/\/inmocosta.com\/fr\/#\/schema\/logo\/image\/"},"sameAs":["https:\/\/www.facebook.com\/inmocostaapi\/","https:\/\/www.instagram.com\/inmocosta_api\/","https:\/\/www.youtube.com\/channel\/UCidmbkY6BpJG9MA_OQUZgYQ"]}]}},"_links":{"self":[{"href":"https:\/\/inmocosta.com\/fr\/wp-json\/wp\/v2\/estate_property\/74487","targetHints":{"allow":["GET"]}}],"collection":[{"href":"https:\/\/inmocosta.com\/fr\/wp-json\/wp\/v2\/estate_property"}],"about":[{"href":"https:\/\/inmocosta.com\/fr\/wp-json\/wp\/v2\/types\/estate_property"}],"replies":[{"embeddable":true,"href":"https:\/\/inmocosta.com\/fr\/wp-json\/wp\/v2\/comments?post=74487"}],"wp:featuredmedia":[{"embeddable":true,"href":"https:\/\/inmocosta.com\/fr\/wp-json\/wp\/v2\/media\/74779"}],"wp:attachment":[{"href":"https:\/\/inmocosta.com\/fr\/wp-json\/wp\/v2\/media?parent=74487"}],"wp:term":[{"taxonomy":"property_category","embeddable":true,"href":"https:\/\/inmocosta.com\/fr\/wp-json\/wp\/v2\/property_category?post=74487"},{"taxonomy":"property_action_category","embeddable":true,"href":"https:\/\/inmocosta.com\/fr\/wp-json\/wp\/v2\/property_action_category?post=74487"},{"taxonomy":"property_city","embeddable":true,"href":"https:\/\/inmocosta.com\/fr\/wp-json\/wp\/v2\/property_city?post=74487"},{"taxonomy":"property_area","embeddable":true,"href":"https:\/\/inmocosta.com\/fr\/wp-json\/wp\/v2\/property_area?post=74487"},{"taxonomy":"property_county_state","embeddable":true,"href":"https:\/\/inmocosta.com\/fr\/wp-json\/wp\/v2\/property_county_state?post=74487"},{"taxonomy":"property_features","embeddable":true,"href":"https:\/\/inmocosta.com\/fr\/wp-json\/wp\/v2\/property_features?post=74487"},{"taxonomy":"property_status","embeddable":true,"href":"https:\/\/inmocosta.com\/fr\/wp-json\/wp\/v2\/property_status?post=74487"}],"curies":[{"name":"wp","href":"https:\/\/api.w.org\/{rel}","templated":true}]}}

Local commercial à vendre sur la promenade de l&rsquo;Estartit.

<p>[vc_row][vc_column][vc_column_text]</p>
<h3>Local commercial à vendre sur la promenade de l&rsquo;Estartit.</h3>
<p>Grand restaurant composé de trois locaux, situé au rez-de-chaussée d&rsquo;un immeuble en front de mer, sur la promenade de l&rsquo;Estartit juste en face de la plage.</p>
<p>Si vous souhaitez plus d&rsquo;informations, appelez le 972 75 17 40 / 645 97 91 90 ou envoyez un e-mail à info@inmocosta.com[/vc_column_text][/vc_column][/vc_row]</p>

<p>[vc_row][vc_column][vc_column_text] Local commercial à vendre sur la promenade de l&rsquo;Estartit. Grand restaurant composé de trois locaux, situé au rez-de-chaussée d&rsquo;un immeuble en front de mer, sur la promenade de l&rsquo;Estartit juste en face de la plage. Si vous souhaitez plus d&rsquo;informations, appelez le 972 75 17 40 / 645 97 91 90 ou envoyez un e-mail à info@inmocosta.com[/vc_column_text][/vc_column][/vc_row]</p>

<!-- This site is optimized with the Yoast SEO plugin v21.8 - https://yoast.com/wordpress/plugins/seo/ -->
<title>Local commercial à vendre sur la promenade de l&#039;Estartit. - Inmocosta API l&#039;Estartit</title>
<meta name="description" content="Local commercial à vendre située en face de la plage, au sur la promenade de l&#039;Estartit. - Inmocosta API Estartit" />
<meta name="robots" content="index, follow, max-snippet:-1, max-image-preview:large, max-video-preview:-1" />
<link rel="canonical" href="https://inmocosta.com/fr/properties/local-commercial-a-vendre-sur-la-promenade-de-lestartit/" />
<meta property="og:locale" content="fr_FR" />
<meta property="og:type" content="article" />
<meta property="og:title" content="Local commercial à vendre sur la promenade de l&#039;Estartit. - Inmocosta API l&#039;Estartit" />
<meta property="og:description" content="Local commercial à vendre située en face de la plage, au sur la promenade de l&#039;Estartit. - Inmocosta API Estartit" />
<meta property="og:url" content="https://inmocosta.com/fr/properties/local-commercial-a-vendre-sur-la-promenade-de-lestartit/" />
<meta property="og:site_name" content="- Inmocosta API l&#039;Estartit" />
<meta property="article:publisher" content="https://www.facebook.com/inmocostaapi/" />
<meta property="article:modified_time" content="2023-01-12T15:59:54+00:00" />
<meta property="og:image" content="https://inmocosta.com/wp-content/uploads/2022/11/2159-Bravo-Inmocosta-API-Estartit-Exterior-11-scaled.jpg" />
	<meta property="og:image:width" content="2560" />
	<meta property="og:image:height" content="1919" />
	<meta property="og:image:type" content="image/jpeg" />
<meta name="twitter:card" content="summary_large_image" />
<meta name="twitter:label1" content="Durée de lecture estimée" />
	<meta name="twitter:data1" content="1 minute" />
<script type="application/ld+json" class="yoast-schema-graph">{"@context":"https://schema.org","@graph":[{"@type":"WebPage","@id":"https://inmocosta.com/fr/properties/local-commercial-a-vendre-sur-la-promenade-de-lestartit/","url":"https://inmocosta.com/fr/properties/local-commercial-a-vendre-sur-la-promenade-de-lestartit/","name":"Local commercial à vendre sur la promenade de l'Estartit. - Inmocosta API l&#039;Estartit","isPartOf":{"@id":"https://inmocosta.com/fr/#website"},"datePublished":"2022-11-10T14:11:34+00:00","dateModified":"2023-01-12T15:59:54+00:00","description":"Local commercial à vendre située en face de la plage, au sur la promenade de l'Estartit. - Inmocosta API Estartit","breadcrumb":{"@id":"https://inmocosta.com/fr/properties/local-commercial-a-vendre-sur-la-promenade-de-lestartit/#breadcrumb"},"inLanguage":"fr-FR","potentialAction":[{"@type":"ReadAction","target":["https://inmocosta.com/fr/properties/local-commercial-a-vendre-sur-la-promenade-de-lestartit/"]}]},{"@type":"BreadcrumbList","@id":"https://inmocosta.com/fr/properties/local-commercial-a-vendre-sur-la-promenade-de-lestartit/#breadcrumb","itemListElement":[{"@type":"ListItem","position":1,"name":"Home","item":"https://inmocosta.com/fr/"},{"@type":"ListItem","position":2,"name":"Propriétés","item":"https://inmocosta.com/fr/properties/"},{"@type":"ListItem","position":3,"name":"Local commercial à vendre sur la promenade de l&#8217;Estartit."}]},{"@type":"WebSite","@id":"https://inmocosta.com/fr/#website","url":"https://inmocosta.com/fr/","name":"- Inmocosta API l&#039;Estartit","description":"Agència immobiliaria dedicada exclusivament a la compra venda d´immobles . L&#039;assessorem en la compra del seu habitatge. Comprar cases, pisos, apartaments.","publisher":{"@id":"https://inmocosta.com/fr/#organization"},"potentialAction":[{"@type":"SearchAction","target":{"@type":"EntryPoint","urlTemplate":"https://inmocosta.com/fr/?s={search_term_string}"},"query-input":"required name=search_term_string"}],"inLanguage":"fr-FR"},{"@type":"Organization","@id":"https://inmocosta.com/fr/#organization","name":"Inmocosta API L'Estartit","url":"https://inmocosta.com/fr/","logo":{"@type":"ImageObject","inLanguage":"fr-FR","@id":"https://inmocosta.com/fr/#/schema/logo/image/","url":"https://inmocosta.com/wp-content/uploads/2025/01/imatge_usuari.png","contentUrl":"https://inmocosta.com/wp-content/uploads/2025/01/imatge_usuari.png","width":500,"height":500,"caption":"Inmocosta API L'Estartit"},"image":{"@id":"https://inmocosta.com/fr/#/schema/logo/image/"},"sameAs":["https://www.facebook.com/inmocostaapi/","https://www.instagram.com/inmocosta_api/","https://www.youtube.com/channel/UCidmbkY6BpJG9MA_OQUZgYQ"]}]}</script>
<!-- / Yoast SEO plugin. -->

Local commercial à vendre sur la promenade de l'Estartit. - Inmocosta API l&#039;Estartit

Local commercial à vendre située en face de la plage, au sur la promenade de l'Estartit. - Inmocosta API Estartit

Propriétés

Local commercial à vendre sur la promenade de l&#8217;Estartit.

Agència immobiliaria dedicada exclusivament a la compra venda d´immobles . L&#039;assessorem en la compra del seu habitatge. Comprar cases, pisos, apartaments.
