{"id":83401,"date":"2025-03-04T11:44:07","date_gmt":"2025-03-04T10:44:07","guid":{"rendered":"https:\/\/inmocosta.com\/properties\/traster-en-venda-a-els-griells-lestartit\/"},"modified":"2025-10-01T11:02:29","modified_gmt":"2025-10-01T10:02:29","slug":"debarras-a-vendre-a-els-griells-lestartit","status":"publish","type":"estate_property","link":"https:\/\/inmocosta.com\/fr\/properties\/debarras-a-vendre-a-els-griells-lestartit\/","title":{"rendered":"D\u00e9barras \u00e0 vendre \u00e0 Els Griells, L&rsquo;Estartit."},"content":{"rendered":"<p>[vc_row][vc_column][vc_column_text]<\/p>\n<h3>D\u00e9barras \u00e0 vendre \u00e0 Els Griells, L&rsquo;Estartit.<\/h3>\n<p>D\u00e9barras \u00e0 vendre dans la communaut\u00e9 de Tamarindos, situ\u00e9e dans le quartier Els Griells de L&rsquo;Estartit.<\/p>\n<p>D&rsquo;una superficie de 4 m\u00e8tres carr\u00e9s, c&rsquo;est une option pratique pour stocker du mat\u00e9riel de plage, du mat\u00e9riel de sport ou d&rsquo;autres objets. Son emplacement, \u00e0 moins de 100 m\u00e8tres de la mer, le rend id\u00e9al pour ceux qui recherchent une solution confortable et accesible.[\/vc_column_text][\/vc_column][\/vc_row]<\/p>\n","protected":false},"excerpt":{"rendered":"<p>[vc_row][vc_column][vc_column_text] D\u00e9barras \u00e0 vendre \u00e0 Els Griells, L&rsquo;Estartit. D\u00e9barras \u00e0 vendre dans la communaut\u00e9 de Tamarindos, situ\u00e9e dans le quartier Els Griells de L&rsquo;Estartit. D&rsquo;una superficie de 4 m\u00e8tres carr\u00e9s, c&rsquo;est une option pratique pour stocker du mat\u00e9riel de plage, du mat\u00e9riel de sport ou d&rsquo;autres objets. Son emplacement, \u00e0 moins de 100 m\u00e8tres de la mer, le rend id\u00e9al pour ceux qui recherchent &#8230;<\/p>\n","protected":false},"featured_media":83393,"comment_status":"closed","ping_status":"closed","template":"","property_category":[147,146],"property_action_category":[156],"property_city":[163],"property_area":[227],"property_county_state":[75,74],"property_features":[],"property_status":[3162],"class_list":["post-83401","estate_property","type-estate_property","status-publish","has-post-thumbnail","hentry","property_category-appartement","property_category-maison","property_action_category-en-vente","property_city-lestartit","property_area-els-griells-fr","property_county_state-baix-emporda","property_county_state-costa-brava","property_status-venut-vendido-vendue-sold-fr"],"yoast_head":"<!-- This site is optimized with the Yoast SEO plugin v21.8 - https:\/\/yoast.com\/wordpress\/plugins\/seo\/ -->\n<title>D\u00e9barras \u00e0 vendre \u00e0 Els Griells, L&#039;Estartit. - Inmocosta API l&#039;Estartit<\/title>\n<meta name=\"description\" content=\"D\u00e9barras \u00e0 vendre \u00e0 moins de 100 m\u00e8tres de la mer, situ\u00e9e \u00e0 Els Griells, L&#039;Estartit.- InmoCosta API Estartit\" \/>\n<meta name=\"robots\" content=\"index, follow, max-snippet:-1, max-image-preview:large, max-video-preview:-1\" \/>\n<link rel=\"canonical\" href=\"https:\/\/inmocosta.com\/fr\/properties\/debarras-a-vendre-a-els-griells-lestartit\/\" \/>\n<meta property=\"og:locale\" content=\"fr_FR\" \/>\n<meta property=\"og:type\" content=\"article\" \/>\n<meta property=\"og:title\" content=\"D\u00e9barras \u00e0 vendre \u00e0 Els Griells, L&#039;Estartit. - Inmocosta API l&#039;Estartit\" \/>\n<meta property=\"og:description\" content=\"D\u00e9barras \u00e0 vendre \u00e0 moins de 100 m\u00e8tres de la mer, situ\u00e9e \u00e0 Els Griells, L&#039;Estartit.- InmoCosta API Estartit\" \/>\n<meta property=\"og:url\" content=\"https:\/\/inmocosta.com\/fr\/properties\/debarras-a-vendre-a-els-griells-lestartit\/\" \/>\n<meta property=\"og:site_name\" content=\"- Inmocosta API l&#039;Estartit\" \/>\n<meta property=\"article:publisher\" content=\"https:\/\/www.facebook.com\/inmocostaapi\/\" \/>\n<meta property=\"article:modified_time\" content=\"2025-10-01T10:02:29+00:00\" \/>\n<meta property=\"og:image\" content=\"https:\/\/inmocosta.com\/wp-content\/uploads\/2025\/03\/2266-Traster-Tamarindos-Interior-2-scaled.jpg\" \/>\n\t<meta property=\"og:image:width\" content=\"2560\" \/>\n\t<meta property=\"og:image:height\" content=\"1920\" \/>\n\t<meta property=\"og:image:type\" content=\"image\/jpeg\" \/>\n<meta name=\"twitter:card\" content=\"summary_large_image\" \/>\n<meta name=\"twitter:label1\" content=\"Dur\u00e9e de lecture estim\u00e9e\" \/>\n\t<meta name=\"twitter:data1\" content=\"1 minute\" \/>\n<script type=\"application\/ld+json\" class=\"yoast-schema-graph\">{\"@context\":\"https:\/\/schema.org\",\"@graph\":[{\"@type\":\"WebPage\",\"@id\":\"https:\/\/inmocosta.com\/fr\/properties\/debarras-a-vendre-a-els-griells-lestartit\/\",\"url\":\"https:\/\/inmocosta.com\/fr\/properties\/debarras-a-vendre-a-els-griells-lestartit\/\",\"name\":\"D\u00e9barras \u00e0 vendre \u00e0 Els Griells, L'Estartit. - Inmocosta API l&#039;Estartit\",\"isPartOf\":{\"@id\":\"https:\/\/inmocosta.com\/fr\/#website\"},\"datePublished\":\"2025-03-04T10:44:07+00:00\",\"dateModified\":\"2025-10-01T10:02:29+00:00\",\"description\":\"D\u00e9barras \u00e0 vendre \u00e0 moins de 100 m\u00e8tres de la mer, situ\u00e9e \u00e0 Els Griells, L'Estartit.- InmoCosta API Estartit\",\"breadcrumb\":{\"@id\":\"https:\/\/inmocosta.com\/fr\/properties\/debarras-a-vendre-a-els-griells-lestartit\/#breadcrumb\"},\"inLanguage\":\"fr-FR\",\"potentialAction\":[{\"@type\":\"ReadAction\",\"target\":[\"https:\/\/inmocosta.com\/fr\/properties\/debarras-a-vendre-a-els-griells-lestartit\/\"]}]},{\"@type\":\"BreadcrumbList\",\"@id\":\"https:\/\/inmocosta.com\/fr\/properties\/debarras-a-vendre-a-els-griells-lestartit\/#breadcrumb\",\"itemListElement\":[{\"@type\":\"ListItem\",\"position\":1,\"name\":\"Home\",\"item\":\"https:\/\/inmocosta.com\/fr\/\"},{\"@type\":\"ListItem\",\"position\":2,\"name\":\"Propri\u00e9t\u00e9s\",\"item\":\"https:\/\/inmocosta.com\/fr\/properties\/\"},{\"@type\":\"ListItem\",\"position\":3,\"name\":\"D\u00e9barras \u00e0 vendre \u00e0 Els Griells, L&#8217;Estartit.\"}]},{\"@type\":\"WebSite\",\"@id\":\"https:\/\/inmocosta.com\/fr\/#website\",\"url\":\"https:\/\/inmocosta.com\/fr\/\",\"name\":\"- Inmocosta API l&#039;Estartit\",\"description\":\"Ag\u00e8ncia immobiliaria dedicada exclusivament a la compra venda d\u00b4immobles . L&#039;assessorem en la compra del seu habitatge. Comprar cases, pisos, apartaments.\",\"publisher\":{\"@id\":\"https:\/\/inmocosta.com\/fr\/#organization\"},\"potentialAction\":[{\"@type\":\"SearchAction\",\"target\":{\"@type\":\"EntryPoint\",\"urlTemplate\":\"https:\/\/inmocosta.com\/fr\/?s={search_term_string}\"},\"query-input\":\"required name=search_term_string\"}],\"inLanguage\":\"fr-FR\"},{\"@type\":\"Organization\",\"@id\":\"https:\/\/inmocosta.com\/fr\/#organization\",\"name\":\"Inmocosta API L'Estartit\",\"url\":\"https:\/\/inmocosta.com\/fr\/\",\"logo\":{\"@type\":\"ImageObject\",\"inLanguage\":\"fr-FR\",\"@id\":\"https:\/\/inmocosta.com\/fr\/#\/schema\/logo\/image\/\",\"url\":\"https:\/\/inmocosta.com\/wp-content\/uploads\/2025\/01\/imatge_usuari.png\",\"contentUrl\":\"https:\/\/inmocosta.com\/wp-content\/uploads\/2025\/01\/imatge_usuari.png\",\"width\":500,\"height\":500,\"caption\":\"Inmocosta API L'Estartit\"},\"image\":{\"@id\":\"https:\/\/inmocosta.com\/fr\/#\/schema\/logo\/image\/\"},\"sameAs\":[\"https:\/\/www.facebook.com\/inmocostaapi\/\",\"https:\/\/www.instagram.com\/inmocosta_api\/\",\"https:\/\/www.youtube.com\/channel\/UCidmbkY6BpJG9MA_OQUZgYQ\"]}]}<\/script>\n<!-- \/ Yoast SEO plugin. -->","yoast_head_json":{"title":"D\u00e9barras \u00e0 vendre \u00e0 Els Griells, L'Estartit. - Inmocosta API l&#039;Estartit","description":"D\u00e9barras \u00e0 vendre \u00e0 moins de 100 m\u00e8tres de la mer, situ\u00e9e \u00e0 Els Griells, L'Estartit.- InmoCosta API Estartit","robots":{"index":"index","follow":"follow","max-snippet":"max-snippet:-1","max-image-preview":"max-image-preview:large","max-video-preview":"max-video-preview:-1"},"canonical":"https:\/\/inmocosta.com\/fr\/properties\/debarras-a-vendre-a-els-griells-lestartit\/","og_locale":"fr_FR","og_type":"article","og_title":"D\u00e9barras \u00e0 vendre \u00e0 Els Griells, L'Estartit. - Inmocosta API l&#039;Estartit","og_description":"D\u00e9barras \u00e0 vendre \u00e0 moins de 100 m\u00e8tres de la mer, situ\u00e9e \u00e0 Els Griells, L'Estartit.- InmoCosta API Estartit","og_url":"https:\/\/inmocosta.com\/fr\/properties\/debarras-a-vendre-a-els-griells-lestartit\/","og_site_name":"- Inmocosta API l&#039;Estartit","article_publisher":"https:\/\/www.facebook.com\/inmocostaapi\/","article_modified_time":"2025-10-01T10:02:29+00:00","og_image":[{"width":2560,"height":1920,"url":"https:\/\/inmocosta.com\/wp-content\/uploads\/2025\/03\/2266-Traster-Tamarindos-Interior-2-scaled.jpg","type":"image\/jpeg"}],"twitter_card":"summary_large_image","twitter_misc":{"Dur\u00e9e de lecture estim\u00e9e":"1 minute"},"schema":{"@context":"https:\/\/schema.org","@graph":[{"@type":"WebPage","@id":"https:\/\/inmocosta.com\/fr\/properties\/debarras-a-vendre-a-els-griells-lestartit\/","url":"https:\/\/inmocosta.com\/fr\/properties\/debarras-a-vendre-a-els-griells-lestartit\/","name":"D\u00e9barras \u00e0 vendre \u00e0 Els Griells, L'Estartit. - Inmocosta API l&#039;Estartit","isPartOf":{"@id":"https:\/\/inmocosta.com\/fr\/#website"},"datePublished":"2025-03-04T10:44:07+00:00","dateModified":"2025-10-01T10:02:29+00:00","description":"D\u00e9barras \u00e0 vendre \u00e0 moins de 100 m\u00e8tres de la mer, situ\u00e9e \u00e0 Els Griells, L'Estartit.- InmoCosta API Estartit","breadcrumb":{"@id":"https:\/\/inmocosta.com\/fr\/properties\/debarras-a-vendre-a-els-griells-lestartit\/#breadcrumb"},"inLanguage":"fr-FR","potentialAction":[{"@type":"ReadAction","target":["https:\/\/inmocosta.com\/fr\/properties\/debarras-a-vendre-a-els-griells-lestartit\/"]}]},{"@type":"BreadcrumbList","@id":"https:\/\/inmocosta.com\/fr\/properties\/debarras-a-vendre-a-els-griells-lestartit\/#breadcrumb","itemListElement":[{"@type":"ListItem","position":1,"name":"Home","item":"https:\/\/inmocosta.com\/fr\/"},{"@type":"ListItem","position":2,"name":"Propri\u00e9t\u00e9s","item":"https:\/\/inmocosta.com\/fr\/properties\/"},{"@type":"ListItem","position":3,"name":"D\u00e9barras \u00e0 vendre \u00e0 Els Griells, L&#8217;Estartit."}]},{"@type":"WebSite","@id":"https:\/\/inmocosta.com\/fr\/#website","url":"https:\/\/inmocosta.com\/fr\/","name":"- Inmocosta API l&#039;Estartit","description":"Ag\u00e8ncia immobiliaria dedicada exclusivament a la compra venda d\u00b4immobles . L&#039;assessorem en la compra del seu habitatge. Comprar cases, pisos, apartaments.","publisher":{"@id":"https:\/\/inmocosta.com\/fr\/#organization"},"potentialAction":[{"@type":"SearchAction","target":{"@type":"EntryPoint","urlTemplate":"https:\/\/inmocosta.com\/fr\/?s={search_term_string}"},"query-input":"required name=search_term_string"}],"inLanguage":"fr-FR"},{"@type":"Organization","@id":"https:\/\/inmocosta.com\/fr\/#organization","name":"Inmocosta API L'Estartit","url":"https:\/\/inmocosta.com\/fr\/","logo":{"@type":"ImageObject","inLanguage":"fr-FR","@id":"https:\/\/inmocosta.com\/fr\/#\/schema\/logo\/image\/","url":"https:\/\/inmocosta.com\/wp-content\/uploads\/2025\/01\/imatge_usuari.png","contentUrl":"https:\/\/inmocosta.com\/wp-content\/uploads\/2025\/01\/imatge_usuari.png","width":500,"height":500,"caption":"Inmocosta API L'Estartit"},"image":{"@id":"https:\/\/inmocosta.com\/fr\/#\/schema\/logo\/image\/"},"sameAs":["https:\/\/www.facebook.com\/inmocostaapi\/","https:\/\/www.instagram.com\/inmocosta_api\/","https:\/\/www.youtube.com\/channel\/UCidmbkY6BpJG9MA_OQUZgYQ"]}]}},"_links":{"self":[{"href":"https:\/\/inmocosta.com\/fr\/wp-json\/wp\/v2\/estate_property\/83401","targetHints":{"allow":["GET"]}}],"collection":[{"href":"https:\/\/inmocosta.com\/fr\/wp-json\/wp\/v2\/estate_property"}],"about":[{"href":"https:\/\/inmocosta.com\/fr\/wp-json\/wp\/v2\/types\/estate_property"}],"replies":[{"embeddable":true,"href":"https:\/\/inmocosta.com\/fr\/wp-json\/wp\/v2\/comments?post=83401"}],"wp:featuredmedia":[{"embeddable":true,"href":"https:\/\/inmocosta.com\/fr\/wp-json\/wp\/v2\/media\/83393"}],"wp:attachment":[{"href":"https:\/\/inmocosta.com\/fr\/wp-json\/wp\/v2\/media?parent=83401"}],"wp:term":[{"taxonomy":"property_category","embeddable":true,"href":"https:\/\/inmocosta.com\/fr\/wp-json\/wp\/v2\/property_category?post=83401"},{"taxonomy":"property_action_category","embeddable":true,"href":"https:\/\/inmocosta.com\/fr\/wp-json\/wp\/v2\/property_action_category?post=83401"},{"taxonomy":"property_city","embeddable":true,"href":"https:\/\/inmocosta.com\/fr\/wp-json\/wp\/v2\/property_city?post=83401"},{"taxonomy":"property_area","embeddable":true,"href":"https:\/\/inmocosta.com\/fr\/wp-json\/wp\/v2\/property_area?post=83401"},{"taxonomy":"property_county_state","embeddable":true,"href":"https:\/\/inmocosta.com\/fr\/wp-json\/wp\/v2\/property_county_state?post=83401"},{"taxonomy":"property_features","embeddable":true,"href":"https:\/\/inmocosta.com\/fr\/wp-json\/wp\/v2\/property_features?post=83401"},{"taxonomy":"property_status","embeddable":true,"href":"https:\/\/inmocosta.com\/fr\/wp-json\/wp\/v2\/property_status?post=83401"}],"curies":[{"name":"wp","href":"https:\/\/api.w.org\/{rel}","templated":true}]}}

Débarras à vendre à Els Griells, L&rsquo;Estartit.

<p>[vc_row][vc_column][vc_column_text]</p>
<h3>Débarras à vendre à Els Griells, L&rsquo;Estartit.</h3>
<p>Débarras à vendre dans la communauté de Tamarindos, située dans le quartier Els Griells de L&rsquo;Estartit.</p>
<p>D&rsquo;una superficie de 4 mètres carrés, c&rsquo;est une option pratique pour stocker du matériel de plage, du matériel de sport ou d&rsquo;autres objets. Son emplacement, à moins de 100 mètres de la mer, le rend idéal pour ceux qui recherchent une solution confortable et accesible.[/vc_column_text][/vc_column][/vc_row]</p>

<p>[vc_row][vc_column][vc_column_text] Débarras à vendre à Els Griells, L&rsquo;Estartit. Débarras à vendre dans la communauté de Tamarindos, située dans le quartier Els Griells de L&rsquo;Estartit. D&rsquo;una superficie de 4 mètres carrés, c&rsquo;est une option pratique pour stocker du matériel de plage, du matériel de sport ou d&rsquo;autres objets. Son emplacement, à moins de 100 mètres de la mer, le rend idéal pour ceux qui recherchent &#8230;</p>

<!-- This site is optimized with the Yoast SEO plugin v21.8 - https://yoast.com/wordpress/plugins/seo/ -->
<title>Débarras à vendre à Els Griells, L&#039;Estartit. - Inmocosta API l&#039;Estartit</title>
<meta name="description" content="Débarras à vendre à moins de 100 mètres de la mer, située à Els Griells, L&#039;Estartit.- InmoCosta API Estartit" />
<meta name="robots" content="index, follow, max-snippet:-1, max-image-preview:large, max-video-preview:-1" />
<link rel="canonical" href="https://inmocosta.com/fr/properties/debarras-a-vendre-a-els-griells-lestartit/" />
<meta property="og:locale" content="fr_FR" />
<meta property="og:type" content="article" />
<meta property="og:title" content="Débarras à vendre à Els Griells, L&#039;Estartit. - Inmocosta API l&#039;Estartit" />
<meta property="og:description" content="Débarras à vendre à moins de 100 mètres de la mer, située à Els Griells, L&#039;Estartit.- InmoCosta API Estartit" />
<meta property="og:url" content="https://inmocosta.com/fr/properties/debarras-a-vendre-a-els-griells-lestartit/" />
<meta property="og:site_name" content="- Inmocosta API l&#039;Estartit" />
<meta property="article:publisher" content="https://www.facebook.com/inmocostaapi/" />
<meta property="article:modified_time" content="2025-10-01T10:02:29+00:00" />
<meta property="og:image" content="https://inmocosta.com/wp-content/uploads/2025/03/2266-Traster-Tamarindos-Interior-2-scaled.jpg" />
	<meta property="og:image:width" content="2560" />
	<meta property="og:image:height" content="1920" />
	<meta property="og:image:type" content="image/jpeg" />
<meta name="twitter:card" content="summary_large_image" />
<meta name="twitter:label1" content="Durée de lecture estimée" />
	<meta name="twitter:data1" content="1 minute" />
<script type="application/ld+json" class="yoast-schema-graph">{"@context":"https://schema.org","@graph":[{"@type":"WebPage","@id":"https://inmocosta.com/fr/properties/debarras-a-vendre-a-els-griells-lestartit/","url":"https://inmocosta.com/fr/properties/debarras-a-vendre-a-els-griells-lestartit/","name":"Débarras à vendre à Els Griells, L'Estartit. - Inmocosta API l&#039;Estartit","isPartOf":{"@id":"https://inmocosta.com/fr/#website"},"datePublished":"2025-03-04T10:44:07+00:00","dateModified":"2025-10-01T10:02:29+00:00","description":"Débarras à vendre à moins de 100 mètres de la mer, située à Els Griells, L'Estartit.- InmoCosta API Estartit","breadcrumb":{"@id":"https://inmocosta.com/fr/properties/debarras-a-vendre-a-els-griells-lestartit/#breadcrumb"},"inLanguage":"fr-FR","potentialAction":[{"@type":"ReadAction","target":["https://inmocosta.com/fr/properties/debarras-a-vendre-a-els-griells-lestartit/"]}]},{"@type":"BreadcrumbList","@id":"https://inmocosta.com/fr/properties/debarras-a-vendre-a-els-griells-lestartit/#breadcrumb","itemListElement":[{"@type":"ListItem","position":1,"name":"Home","item":"https://inmocosta.com/fr/"},{"@type":"ListItem","position":2,"name":"Propriétés","item":"https://inmocosta.com/fr/properties/"},{"@type":"ListItem","position":3,"name":"Débarras à vendre à Els Griells, L&#8217;Estartit."}]},{"@type":"WebSite","@id":"https://inmocosta.com/fr/#website","url":"https://inmocosta.com/fr/","name":"- Inmocosta API l&#039;Estartit","description":"Agència immobiliaria dedicada exclusivament a la compra venda d´immobles . L&#039;assessorem en la compra del seu habitatge. Comprar cases, pisos, apartaments.","publisher":{"@id":"https://inmocosta.com/fr/#organization"},"potentialAction":[{"@type":"SearchAction","target":{"@type":"EntryPoint","urlTemplate":"https://inmocosta.com/fr/?s={search_term_string}"},"query-input":"required name=search_term_string"}],"inLanguage":"fr-FR"},{"@type":"Organization","@id":"https://inmocosta.com/fr/#organization","name":"Inmocosta API L'Estartit","url":"https://inmocosta.com/fr/","logo":{"@type":"ImageObject","inLanguage":"fr-FR","@id":"https://inmocosta.com/fr/#/schema/logo/image/","url":"https://inmocosta.com/wp-content/uploads/2025/01/imatge_usuari.png","contentUrl":"https://inmocosta.com/wp-content/uploads/2025/01/imatge_usuari.png","width":500,"height":500,"caption":"Inmocosta API L'Estartit"},"image":{"@id":"https://inmocosta.com/fr/#/schema/logo/image/"},"sameAs":["https://www.facebook.com/inmocostaapi/","https://www.instagram.com/inmocosta_api/","https://www.youtube.com/channel/UCidmbkY6BpJG9MA_OQUZgYQ"]}]}</script>
<!-- / Yoast SEO plugin. -->

Débarras à vendre à Els Griells, L'Estartit. - Inmocosta API l&#039;Estartit

Débarras à vendre à moins de 100 mètres de la mer, située à Els Griells, L'Estartit.- InmoCosta API Estartit

Propriétés

Débarras à vendre à Els Griells, L&#8217;Estartit.

Agència immobiliaria dedicada exclusivament a la compra venda d´immobles . L&#039;assessorem en la compra del seu habitatge. Comprar cases, pisos, apartaments.
