{"id":87554,"date":"2026-09-04T08:28:13","date_gmt":"2026-09-04T07:28:13","guid":{"rendered":"https:\/\/inmocosta.com\/?post_type=estate_property&#038;p=87554"},"modified":"2026-09-04T08:32:13","modified_gmt":"2026-09-04T07:32:13","slug":"apartament-de-2-habitacions-amb-terrassa-a-la-zona-de-griells","status":"publish","type":"estate_property","link":"https:\/\/inmocosta.com\/fr\/properties\/apartament-de-2-habitacions-amb-terrassa-a-la-zona-de-griells\/","title":{"rendered":"Apartament de 2 habitacions amb terrassa a la zona de Griells"},"content":{"rendered":"<p>[vc_row][vc_column][vc_column_text]<\/p>\n<h2><strong>Apartament de 2 habitacions amb terrassa a la zona de Griells<\/strong><\/h2>\n<p class=\"isSelectedEnd\">Situat a la zona de Griells, en un entorn tranquil, aquest apartament de 61 m\u00b2 destaca per la seva distribuci\u00f3, el seu estat i una decoraci\u00f3 cuidada que li dona un ambient molt agradable.<\/p>\n<p class=\"isSelectedEnd\">L\u2019habitatge disposa de dues habitacions dobles i una cuina independent, oferint una distribuci\u00f3 pr\u00e0ctica i c\u00f2moda. \u00c9s un apartament totalment exterior i compta amb una terrassa, un espai perfecte per gaudir de l\u2019exterior.<\/p>\n<p class=\"isSelectedEnd\">Un dels elements que aporta m\u00e9s calidesa a l\u2019habitatge \u00e9s la llar de foc, que crea un ambient especialment acollidor. Tamb\u00e9 disposa d\u2019un petit safareig, un espai pr\u00e0ctic per al dia a dia.<\/p>\n<p class=\"isSelectedEnd\">Un apartament ben cuidat i amb molt d\u2019encant, situat en una zona tranquil\u00b7la de Griells. Una bona opci\u00f3 tant per gaudir-lo com a segona resid\u00e8ncia com per disposar d\u2019un apartament a la costa.<\/p>\n<p>Si vols con\u00e8ixer-lo en persona, posa\u2019t en contacte amb nosaltres i t\u2019organitzarem una visita. Estarem encantats d\u2019ensenyar-te\u2019l.[\/vc_column_text][\/vc_column][\/vc_row][vc_row][vc_column][vc_separator color=\u00a0\u00bbcustom\u00a0\u00bb accent_color=\u00a0\u00bb#d0b08c\u00a0\u00bb][\/vc_column][\/vc_row]<\/p>\n","protected":false},"excerpt":{"rendered":"<p>[vc_row][vc_column][vc_column_text] Apartament de 2 habitacions amb terrassa a la zona de Griells Situat a la zona de Griells, en un entorn tranquil, aquest apartament de 61 m\u00b2 destaca per la seva distribuci\u00f3, el seu estat i una decoraci\u00f3 cuidada que li dona un ambient molt agradable. L\u2019habitatge disposa de dues habitacions dobles i una cuina independent, oferint una distribuci\u00f3 pr\u00e0ctica i c\u00f2moda. \u00c9s un &#8230;<\/p>\n","protected":false},"featured_media":87507,"comment_status":"closed","ping_status":"closed","template":"","property_category":[147],"property_action_category":[156],"property_city":[163],"property_area":[227],"property_county_state":[75,74],"property_features":[3105,3120],"property_status":[],"class_list":["post-87554","estate_property","type-estate_property","status-publish","has-post-thumbnail","hentry","property_category-appartement","property_action_category-en-vente","property_city-lestartit","property_area-els-griells-fr","property_county_state-baix-emporda","property_county_state-costa-brava","property_features-balcony-fr","property_features-terrace-fr"],"yoast_head":"<!-- This site is optimized with the Yoast SEO plugin v21.8 - https:\/\/yoast.com\/wordpress\/plugins\/seo\/ -->\n<title>Apartament de 2 habitacions amb terrassa a la zona de Griells - Inmocosta API l&#039;Estartit<\/title>\n<meta name=\"description\" content=\"Apartament en zona tranquil\u00b7la de Griells, amb dos dormitoris, terrassa i llar de foc. Inmocosta API Estartit.\" \/>\n<meta name=\"robots\" content=\"index, follow, max-snippet:-1, max-image-preview:large, max-video-preview:-1\" \/>\n<link rel=\"canonical\" href=\"https:\/\/inmocosta.com\/fr\/properties\/apartament-de-2-habitacions-amb-terrassa-a-la-zona-de-griells\/\" \/>\n<meta property=\"og:locale\" content=\"fr_FR\" \/>\n<meta property=\"og:type\" content=\"article\" \/>\n<meta property=\"og:title\" content=\"Apartament de 2 habitacions amb terrassa a la zona de Griells - Inmocosta API l&#039;Estartit\" \/>\n<meta property=\"og:description\" content=\"Apartament en zona tranquil\u00b7la de Griells, amb dos dormitoris, terrassa i llar de foc. Inmocosta API Estartit.\" \/>\n<meta property=\"og:url\" content=\"https:\/\/inmocosta.com\/fr\/properties\/apartament-de-2-habitacions-amb-terrassa-a-la-zona-de-griells\/\" \/>\n<meta property=\"og:site_name\" content=\"- Inmocosta API l&#039;Estartit\" \/>\n<meta property=\"article:publisher\" content=\"https:\/\/www.facebook.com\/inmocostaapi\/\" \/>\n<meta property=\"article:modified_time\" content=\"2026-09-04T07:32:13+00:00\" \/>\n<meta property=\"og:image\" content=\"https:\/\/inmocosta.com\/wp-content\/uploads\/2026\/09\/2318-Griells-37-Inmocosta-API-Terrassa--scaled.jpg\" \/>\n\t<meta property=\"og:image:width\" content=\"2560\" \/>\n\t<meta property=\"og:image:height\" content=\"1920\" \/>\n\t<meta property=\"og:image:type\" content=\"image\/jpeg\" \/>\n<meta name=\"twitter:card\" content=\"summary_large_image\" \/>\n<meta name=\"twitter:label1\" content=\"Dur\u00e9e de lecture estim\u00e9e\" \/>\n\t<meta name=\"twitter:data1\" content=\"1 minute\" \/>\n<script type=\"application\/ld+json\" class=\"yoast-schema-graph\">{\"@context\":\"https:\/\/schema.org\",\"@graph\":[{\"@type\":\"WebPage\",\"@id\":\"https:\/\/inmocosta.com\/fr\/properties\/apartament-de-2-habitacions-amb-terrassa-a-la-zona-de-griells\/\",\"url\":\"https:\/\/inmocosta.com\/fr\/properties\/apartament-de-2-habitacions-amb-terrassa-a-la-zona-de-griells\/\",\"name\":\"Apartament de 2 habitacions amb terrassa a la zona de Griells - Inmocosta API l&#039;Estartit\",\"isPartOf\":{\"@id\":\"https:\/\/inmocosta.com\/fr\/#website\"},\"datePublished\":\"2026-09-04T07:28:13+00:00\",\"dateModified\":\"2026-09-04T07:32:13+00:00\",\"description\":\"Apartament en zona tranquil\u00b7la de Griells, amb dos dormitoris, terrassa i llar de foc. Inmocosta API Estartit.\",\"breadcrumb\":{\"@id\":\"https:\/\/inmocosta.com\/fr\/properties\/apartament-de-2-habitacions-amb-terrassa-a-la-zona-de-griells\/#breadcrumb\"},\"inLanguage\":\"fr-FR\",\"potentialAction\":[{\"@type\":\"ReadAction\",\"target\":[\"https:\/\/inmocosta.com\/fr\/properties\/apartament-de-2-habitacions-amb-terrassa-a-la-zona-de-griells\/\"]}]},{\"@type\":\"BreadcrumbList\",\"@id\":\"https:\/\/inmocosta.com\/fr\/properties\/apartament-de-2-habitacions-amb-terrassa-a-la-zona-de-griells\/#breadcrumb\",\"itemListElement\":[{\"@type\":\"ListItem\",\"position\":1,\"name\":\"Home\",\"item\":\"https:\/\/inmocosta.com\/fr\/\"},{\"@type\":\"ListItem\",\"position\":2,\"name\":\"Propri\u00e9t\u00e9s\",\"item\":\"https:\/\/inmocosta.com\/fr\/properties\/\"},{\"@type\":\"ListItem\",\"position\":3,\"name\":\"Apartament de 2 habitacions amb terrassa a la zona de Griells\"}]},{\"@type\":\"WebSite\",\"@id\":\"https:\/\/inmocosta.com\/fr\/#website\",\"url\":\"https:\/\/inmocosta.com\/fr\/\",\"name\":\"- Inmocosta API l&#039;Estartit\",\"description\":\"Ag\u00e8ncia immobiliaria dedicada exclusivament a la compra venda d\u00b4immobles . L&#039;assessorem en la compra del seu habitatge. Comprar cases, pisos, apartaments.\",\"publisher\":{\"@id\":\"https:\/\/inmocosta.com\/fr\/#organization\"},\"potentialAction\":[{\"@type\":\"SearchAction\",\"target\":{\"@type\":\"EntryPoint\",\"urlTemplate\":\"https:\/\/inmocosta.com\/fr\/?s={search_term_string}\"},\"query-input\":\"required name=search_term_string\"}],\"inLanguage\":\"fr-FR\"},{\"@type\":\"Organization\",\"@id\":\"https:\/\/inmocosta.com\/fr\/#organization\",\"name\":\"Inmocosta API L'Estartit\",\"url\":\"https:\/\/inmocosta.com\/fr\/\",\"logo\":{\"@type\":\"ImageObject\",\"inLanguage\":\"fr-FR\",\"@id\":\"https:\/\/inmocosta.com\/fr\/#\/schema\/logo\/image\/\",\"url\":\"https:\/\/inmocosta.com\/wp-content\/uploads\/2025\/01\/imatge_usuari.png\",\"contentUrl\":\"https:\/\/inmocosta.com\/wp-content\/uploads\/2025\/01\/imatge_usuari.png\",\"width\":500,\"height\":500,\"caption\":\"Inmocosta API L'Estartit\"},\"image\":{\"@id\":\"https:\/\/inmocosta.com\/fr\/#\/schema\/logo\/image\/\"},\"sameAs\":[\"https:\/\/www.facebook.com\/inmocostaapi\/\",\"https:\/\/www.instagram.com\/inmocosta_api\/\",\"https:\/\/www.youtube.com\/channel\/UCidmbkY6BpJG9MA_OQUZgYQ\"]}]}<\/script>\n<!-- \/ Yoast SEO plugin. -->","yoast_head_json":{"title":"Apartament de 2 habitacions amb terrassa a la zona de Griells - Inmocosta API l&#039;Estartit","description":"Apartament en zona tranquil\u00b7la de Griells, amb dos dormitoris, terrassa i llar de foc. Inmocosta API Estartit.","robots":{"index":"index","follow":"follow","max-snippet":"max-snippet:-1","max-image-preview":"max-image-preview:large","max-video-preview":"max-video-preview:-1"},"canonical":"https:\/\/inmocosta.com\/fr\/properties\/apartament-de-2-habitacions-amb-terrassa-a-la-zona-de-griells\/","og_locale":"fr_FR","og_type":"article","og_title":"Apartament de 2 habitacions amb terrassa a la zona de Griells - Inmocosta API l&#039;Estartit","og_description":"Apartament en zona tranquil\u00b7la de Griells, amb dos dormitoris, terrassa i llar de foc. Inmocosta API Estartit.","og_url":"https:\/\/inmocosta.com\/fr\/properties\/apartament-de-2-habitacions-amb-terrassa-a-la-zona-de-griells\/","og_site_name":"- Inmocosta API l&#039;Estartit","article_publisher":"https:\/\/www.facebook.com\/inmocostaapi\/","article_modified_time":"2026-09-04T07:32:13+00:00","og_image":[{"width":2560,"height":1920,"url":"https:\/\/inmocosta.com\/wp-content\/uploads\/2026\/09\/2318-Griells-37-Inmocosta-API-Terrassa--scaled.jpg","type":"image\/jpeg"}],"twitter_card":"summary_large_image","twitter_misc":{"Dur\u00e9e de lecture estim\u00e9e":"1 minute"},"schema":{"@context":"https:\/\/schema.org","@graph":[{"@type":"WebPage","@id":"https:\/\/inmocosta.com\/fr\/properties\/apartament-de-2-habitacions-amb-terrassa-a-la-zona-de-griells\/","url":"https:\/\/inmocosta.com\/fr\/properties\/apartament-de-2-habitacions-amb-terrassa-a-la-zona-de-griells\/","name":"Apartament de 2 habitacions amb terrassa a la zona de Griells - Inmocosta API l&#039;Estartit","isPartOf":{"@id":"https:\/\/inmocosta.com\/fr\/#website"},"datePublished":"2026-09-04T07:28:13+00:00","dateModified":"2026-09-04T07:32:13+00:00","description":"Apartament en zona tranquil\u00b7la de Griells, amb dos dormitoris, terrassa i llar de foc. Inmocosta API Estartit.","breadcrumb":{"@id":"https:\/\/inmocosta.com\/fr\/properties\/apartament-de-2-habitacions-amb-terrassa-a-la-zona-de-griells\/#breadcrumb"},"inLanguage":"fr-FR","potentialAction":[{"@type":"ReadAction","target":["https:\/\/inmocosta.com\/fr\/properties\/apartament-de-2-habitacions-amb-terrassa-a-la-zona-de-griells\/"]}]},{"@type":"BreadcrumbList","@id":"https:\/\/inmocosta.com\/fr\/properties\/apartament-de-2-habitacions-amb-terrassa-a-la-zona-de-griells\/#breadcrumb","itemListElement":[{"@type":"ListItem","position":1,"name":"Home","item":"https:\/\/inmocosta.com\/fr\/"},{"@type":"ListItem","position":2,"name":"Propri\u00e9t\u00e9s","item":"https:\/\/inmocosta.com\/fr\/properties\/"},{"@type":"ListItem","position":3,"name":"Apartament de 2 habitacions amb terrassa a la zona de Griells"}]},{"@type":"WebSite","@id":"https:\/\/inmocosta.com\/fr\/#website","url":"https:\/\/inmocosta.com\/fr\/","name":"- Inmocosta API l&#039;Estartit","description":"Ag\u00e8ncia immobiliaria dedicada exclusivament a la compra venda d\u00b4immobles . L&#039;assessorem en la compra del seu habitatge. Comprar cases, pisos, apartaments.","publisher":{"@id":"https:\/\/inmocosta.com\/fr\/#organization"},"potentialAction":[{"@type":"SearchAction","target":{"@type":"EntryPoint","urlTemplate":"https:\/\/inmocosta.com\/fr\/?s={search_term_string}"},"query-input":"required name=search_term_string"}],"inLanguage":"fr-FR"},{"@type":"Organization","@id":"https:\/\/inmocosta.com\/fr\/#organization","name":"Inmocosta API L'Estartit","url":"https:\/\/inmocosta.com\/fr\/","logo":{"@type":"ImageObject","inLanguage":"fr-FR","@id":"https:\/\/inmocosta.com\/fr\/#\/schema\/logo\/image\/","url":"https:\/\/inmocosta.com\/wp-content\/uploads\/2025\/01\/imatge_usuari.png","contentUrl":"https:\/\/inmocosta.com\/wp-content\/uploads\/2025\/01\/imatge_usuari.png","width":500,"height":500,"caption":"Inmocosta API L'Estartit"},"image":{"@id":"https:\/\/inmocosta.com\/fr\/#\/schema\/logo\/image\/"},"sameAs":["https:\/\/www.facebook.com\/inmocostaapi\/","https:\/\/www.instagram.com\/inmocosta_api\/","https:\/\/www.youtube.com\/channel\/UCidmbkY6BpJG9MA_OQUZgYQ"]}]}},"_links":{"self":[{"href":"https:\/\/inmocosta.com\/fr\/wp-json\/wp\/v2\/estate_property\/87554","targetHints":{"allow":["GET"]}}],"collection":[{"href":"https:\/\/inmocosta.com\/fr\/wp-json\/wp\/v2\/estate_property"}],"about":[{"href":"https:\/\/inmocosta.com\/fr\/wp-json\/wp\/v2\/types\/estate_property"}],"replies":[{"embeddable":true,"href":"https:\/\/inmocosta.com\/fr\/wp-json\/wp\/v2\/comments?post=87554"}],"wp:featuredmedia":[{"embeddable":true,"href":"https:\/\/inmocosta.com\/fr\/wp-json\/wp\/v2\/media\/87507"}],"wp:attachment":[{"href":"https:\/\/inmocosta.com\/fr\/wp-json\/wp\/v2\/media?parent=87554"}],"wp:term":[{"taxonomy":"property_category","embeddable":true,"href":"https:\/\/inmocosta.com\/fr\/wp-json\/wp\/v2\/property_category?post=87554"},{"taxonomy":"property_action_category","embeddable":true,"href":"https:\/\/inmocosta.com\/fr\/wp-json\/wp\/v2\/property_action_category?post=87554"},{"taxonomy":"property_city","embeddable":true,"href":"https:\/\/inmocosta.com\/fr\/wp-json\/wp\/v2\/property_city?post=87554"},{"taxonomy":"property_area","embeddable":true,"href":"https:\/\/inmocosta.com\/fr\/wp-json\/wp\/v2\/property_area?post=87554"},{"taxonomy":"property_county_state","embeddable":true,"href":"https:\/\/inmocosta.com\/fr\/wp-json\/wp\/v2\/property_county_state?post=87554"},{"taxonomy":"property_features","embeddable":true,"href":"https:\/\/inmocosta.com\/fr\/wp-json\/wp\/v2\/property_features?post=87554"},{"taxonomy":"property_status","embeddable":true,"href":"https:\/\/inmocosta.com\/fr\/wp-json\/wp\/v2\/property_status?post=87554"}],"curies":[{"name":"wp","href":"https:\/\/api.w.org\/{rel}","templated":true}]}}

<p>[vc_row][vc_column][vc_column_text]</p>
<h2><strong>Apartament de 2 habitacions amb terrassa a la zona de Griells</strong></h2>
<p class="isSelectedEnd">Situat a la zona de Griells, en un entorn tranquil, aquest apartament de 61 m² destaca per la seva distribució, el seu estat i una decoració cuidada que li dona un ambient molt agradable.</p>
<p class="isSelectedEnd">L’habitatge disposa de dues habitacions dobles i una cuina independent, oferint una distribució pràctica i còmoda. És un apartament totalment exterior i compta amb una terrassa, un espai perfecte per gaudir de l’exterior.</p>
<p class="isSelectedEnd">Un dels elements que aporta més calidesa a l’habitatge és la llar de foc, que crea un ambient especialment acollidor. També disposa d’un petit safareig, un espai pràctic per al dia a dia.</p>
<p class="isSelectedEnd">Un apartament ben cuidat i amb molt d’encant, situat en una zona tranquil·la de Griells. Una bona opció tant per gaudir-lo com a segona residència com per disposar d’un apartament a la costa.</p>
<p>Si vols conèixer-lo en persona, posa’t en contacte amb nosaltres i t’organitzarem una visita. Estarem encantats d’ensenyar-te’l.[/vc_column_text][/vc_column][/vc_row][vc_row][vc_column][vc_separator color= »custom » accent_color= »#d0b08c »][/vc_column][/vc_row]</p>

<p>[vc_row][vc_column][vc_column_text] Apartament de 2 habitacions amb terrassa a la zona de Griells Situat a la zona de Griells, en un entorn tranquil, aquest apartament de 61 m² destaca per la seva distribució, el seu estat i una decoració cuidada que li dona un ambient molt agradable. L’habitatge disposa de dues habitacions dobles i una cuina independent, oferint una distribució pràctica i còmoda. És un &#8230;</p>

<!-- This site is optimized with the Yoast SEO plugin v21.8 - https://yoast.com/wordpress/plugins/seo/ -->
<title>Apartament de 2 habitacions amb terrassa a la zona de Griells - Inmocosta API l&#039;Estartit</title>
<meta name="description" content="Apartament en zona tranquil·la de Griells, amb dos dormitoris, terrassa i llar de foc. Inmocosta API Estartit." />
<meta name="robots" content="index, follow, max-snippet:-1, max-image-preview:large, max-video-preview:-1" />
<link rel="canonical" href="https://inmocosta.com/fr/properties/apartament-de-2-habitacions-amb-terrassa-a-la-zona-de-griells/" />
<meta property="og:locale" content="fr_FR" />
<meta property="og:type" content="article" />
<meta property="og:title" content="Apartament de 2 habitacions amb terrassa a la zona de Griells - Inmocosta API l&#039;Estartit" />
<meta property="og:description" content="Apartament en zona tranquil·la de Griells, amb dos dormitoris, terrassa i llar de foc. Inmocosta API Estartit." />
<meta property="og:url" content="https://inmocosta.com/fr/properties/apartament-de-2-habitacions-amb-terrassa-a-la-zona-de-griells/" />
<meta property="og:site_name" content="- Inmocosta API l&#039;Estartit" />
<meta property="article:publisher" content="https://www.facebook.com/inmocostaapi/" />
<meta property="article:modified_time" content="2026-09-04T07:32:13+00:00" />
<meta property="og:image" content="https://inmocosta.com/wp-content/uploads/2026/09/2318-Griells-37-Inmocosta-API-Terrassa--scaled.jpg" />
	<meta property="og:image:width" content="2560" />
	<meta property="og:image:height" content="1920" />
	<meta property="og:image:type" content="image/jpeg" />
<meta name="twitter:card" content="summary_large_image" />
<meta name="twitter:label1" content="Durée de lecture estimée" />
	<meta name="twitter:data1" content="1 minute" />
<script type="application/ld+json" class="yoast-schema-graph">{"@context":"https://schema.org","@graph":[{"@type":"WebPage","@id":"https://inmocosta.com/fr/properties/apartament-de-2-habitacions-amb-terrassa-a-la-zona-de-griells/","url":"https://inmocosta.com/fr/properties/apartament-de-2-habitacions-amb-terrassa-a-la-zona-de-griells/","name":"Apartament de 2 habitacions amb terrassa a la zona de Griells - Inmocosta API l&#039;Estartit","isPartOf":{"@id":"https://inmocosta.com/fr/#website"},"datePublished":"2026-09-04T07:28:13+00:00","dateModified":"2026-09-04T07:32:13+00:00","description":"Apartament en zona tranquil·la de Griells, amb dos dormitoris, terrassa i llar de foc. Inmocosta API Estartit.","breadcrumb":{"@id":"https://inmocosta.com/fr/properties/apartament-de-2-habitacions-amb-terrassa-a-la-zona-de-griells/#breadcrumb"},"inLanguage":"fr-FR","potentialAction":[{"@type":"ReadAction","target":["https://inmocosta.com/fr/properties/apartament-de-2-habitacions-amb-terrassa-a-la-zona-de-griells/"]}]},{"@type":"BreadcrumbList","@id":"https://inmocosta.com/fr/properties/apartament-de-2-habitacions-amb-terrassa-a-la-zona-de-griells/#breadcrumb","itemListElement":[{"@type":"ListItem","position":1,"name":"Home","item":"https://inmocosta.com/fr/"},{"@type":"ListItem","position":2,"name":"Propriétés","item":"https://inmocosta.com/fr/properties/"},{"@type":"ListItem","position":3,"name":"Apartament de 2 habitacions amb terrassa a la zona de Griells"}]},{"@type":"WebSite","@id":"https://inmocosta.com/fr/#website","url":"https://inmocosta.com/fr/","name":"- Inmocosta API l&#039;Estartit","description":"Agència immobiliaria dedicada exclusivament a la compra venda d´immobles . L&#039;assessorem en la compra del seu habitatge. Comprar cases, pisos, apartaments.","publisher":{"@id":"https://inmocosta.com/fr/#organization"},"potentialAction":[{"@type":"SearchAction","target":{"@type":"EntryPoint","urlTemplate":"https://inmocosta.com/fr/?s={search_term_string}"},"query-input":"required name=search_term_string"}],"inLanguage":"fr-FR"},{"@type":"Organization","@id":"https://inmocosta.com/fr/#organization","name":"Inmocosta API L'Estartit","url":"https://inmocosta.com/fr/","logo":{"@type":"ImageObject","inLanguage":"fr-FR","@id":"https://inmocosta.com/fr/#/schema/logo/image/","url":"https://inmocosta.com/wp-content/uploads/2025/01/imatge_usuari.png","contentUrl":"https://inmocosta.com/wp-content/uploads/2025/01/imatge_usuari.png","width":500,"height":500,"caption":"Inmocosta API L'Estartit"},"image":{"@id":"https://inmocosta.com/fr/#/schema/logo/image/"},"sameAs":["https://www.facebook.com/inmocostaapi/","https://www.instagram.com/inmocosta_api/","https://www.youtube.com/channel/UCidmbkY6BpJG9MA_OQUZgYQ"]}]}</script>
<!-- / Yoast SEO plugin. -->

Propriétés

Agència immobiliaria dedicada exclusivament a la compra venda d´immobles . L&#039;assessorem en la compra del seu habitatge. Comprar cases, pisos, apartaments.
